{"id":748,"date":"2020-05-07T20:34:37","date_gmt":"2020-05-07T18:34:37","guid":{"rendered":"https:\/\/l2sacrifice.fr\/?page_id=748"},"modified":"2020-05-08T12:03:11","modified_gmt":"2020-05-08T10:03:11","slug":"quest-tera-temptation","status":"publish","type":"page","link":"https:\/\/l2sacrifice.fr\/?page_id=748","title":{"rendered":"Quest: Tera Temptation"},"content":{"rendered":"\n<p>Si vous voulez faire parti de la faction Tera, il vous faudra faire la Quest:\u00a0\u00bb TeraTemptation\u00a0\u00bb (Lvl1 \u00e0 99) <\/p>\n\n\n\n<p>La qu\u00eate d\u00e9but au Tera Village (pour vous y rendre utilis\u00e9 le Tera Messenger \u00e0 Giran ou dans les zones de d\u00e9part) , rapprocher vous du  centre du village pr\u00e8s du t\u00e9l\u00e9porter. <\/p>\n\n\n\n<p> Parler \u00e0 Castillia<\/p>\n\n\n\n<figure class=\"wp-block-image\"><img loading=\"lazy\" decoding=\"async\" width=\"926\" height=\"877\" src=\"https:\/\/l2sacrifice.fr\/wp-content\/uploads\/2020\/05\/image-115.png\" alt=\"\" class=\"wp-image-865\"\/><figcaption>NPC Quest : Castillia<\/figcaption><\/figure>\n\n\n\n<div class=\"wp-block-image\"><figure class=\"aligncenter\"><img loading=\"lazy\" decoding=\"async\" width=\"577\" height=\"477\" src=\"https:\/\/l2sacrifice.fr\/wp-content\/uploads\/2020\/05\/image-116.png\" alt=\"\" class=\"wp-image-867\"\/><\/figure><\/div>\n\n\n\n<p>Castillia vous demande de collecter 25 Shara Heart et 25 Arun Heart <\/p>\n\n\n\n<p>\nCliquer sur notification pour voir la r\u00e9colte des coeurs en temps r\u00e9el\n\n<\/p>\n\n\n\n<div class=\"wp-block-image\"><figure class=\"aligncenter\"><img loading=\"lazy\" decoding=\"async\" width=\"230\" height=\"81\" src=\"https:\/\/l2sacrifice.fr\/wp-content\/uploads\/2020\/05\/image-117.png\" alt=\"\" class=\"wp-image-869\"\/><\/figure><\/div>\n\n\n\n<p> Castillia  vous pr\u00eatera une Quest Tera Sword pour pouvoir tuer les monstres de la qu\u00eate <\/p>\n\n\n\n<div class=\"wp-block-image\"><figure class=\"aligncenter\"><img loading=\"lazy\" decoding=\"async\" width=\"553\" height=\"620\" src=\"https:\/\/l2sacrifice.fr\/wp-content\/uploads\/2020\/05\/image-118.png\" alt=\"\" class=\"wp-image-870\"\/><figcaption>Tera Quest Sword<\/figcaption><\/figure><\/div>\n\n\n\n<p>Rechercher sur votre Map le punaise de quest vous montrant le lieu ou se trouve les mobs dropant les c\u0153urs <\/p>\n\n\n\n<figure class=\"wp-block-image\"><img loading=\"lazy\" decoding=\"async\" width=\"686\" height=\"604\" src=\"https:\/\/l2sacrifice.fr\/wp-content\/uploads\/2020\/05\/image-119.png\" alt=\"\" class=\"wp-image-872\"\/><\/figure>\n\n\n\n<p> Vous ne pouvez vous y rendre \u00e0 pied, aller prendre le Sacrifice Gatekeeper \u00e0 l&rsquo;entr\u00e9e de la ville et  aller \u00e0 Orc Village puis rendez vous sur zone \u00e0 pied en suivant la map <\/p>\n\n\n\n<figure class=\"wp-block-image\"><img loading=\"lazy\" decoding=\"async\" width=\"815\" height=\"545\" src=\"https:\/\/l2sacrifice.fr\/wp-content\/uploads\/2020\/05\/image-120.png\" alt=\"\" class=\"wp-image-874\"\/><\/figure>\n\n\n\n<p> Sur zone vous trouverez les petits monstres Tera:<\/p>\n\n\n\n<figure class=\"wp-block-image\"><img loading=\"lazy\" decoding=\"async\" width=\"1107\" height=\"685\" src=\"https:\/\/l2sacrifice.fr\/wp-content\/uploads\/2020\/05\/image-121.png\" alt=\"\" class=\"wp-image-876\"\/><\/figure>\n\n\n\n<p> Faites vous plaisir, d\u00e9chirer les jusqu&rsquo;\u00e0 obtenir les  25 Shara Heart et 25 Arun Heart  <\/p>\n\n\n\n<div class=\"wp-block-image\"><figure class=\"aligncenter\"><img loading=\"lazy\" decoding=\"async\" width=\"902\" height=\"560\" src=\"https:\/\/l2sacrifice.fr\/wp-content\/uploads\/2020\/05\/image-122.png\" alt=\"\" class=\"wp-image-877\"\/><\/figure><\/div>\n\n\n\n<p>Une fois les 2 fois 25 coeurs obtenue retourner voir Castillia au Tera Village<\/p>\n\n\n\n<figure class=\"wp-block-image\"><img loading=\"lazy\" decoding=\"async\" width=\"919\" height=\"496\" src=\"https:\/\/l2sacrifice.fr\/wp-content\/uploads\/2020\/05\/image-123.png\" alt=\"\" class=\"wp-image-879\"\/><\/figure>\n\n\n\n<p>Castillia vous accueillera<\/p>\n\n\n\n<figure class=\"wp-block-image\"><img loading=\"lazy\" decoding=\"async\" width=\"551\" height=\"491\" src=\"https:\/\/l2sacrifice.fr\/wp-content\/uploads\/2020\/05\/image-124.png\" alt=\"\" class=\"wp-image-881\"\/><figcaption> NPC Quest : Castillia <\/figcaption><\/figure>\n\n\n\n<p>et elle vous reprendra l&rsquo;arme et vous donnera votre certificat Tera qui validera votre entr\u00e9e dans la faction Tera<\/p>\n\n\n\n<figure class=\"wp-block-image\"><img loading=\"lazy\" decoding=\"async\" width=\"723\" height=\"417\" src=\"https:\/\/l2sacrifice.fr\/wp-content\/uploads\/2020\/05\/image-125.png\" alt=\"\" class=\"wp-image-882\"\/><\/figure>\n\n\n\n<p>Et vous donnera Shararun Ring qui vous permettra d&rsquo;avoir un acc\u00e8s direct avec le Tera Village <\/p>\n\n\n\n<div class=\"wp-block-image\"><figure class=\"aligncenter is-resized\"><img loading=\"lazy\" decoding=\"async\" src=\"https:\/\/l2sacrifice.fr\/wp-content\/uploads\/2020\/05\/image-126.png\" alt=\"\" class=\"wp-image-883\" width=\"87\" height=\"87\"\/><figcaption>Shararun Ring<\/figcaption><\/figure><\/div>\n\n\n\n<p>F\u00e9licitation vous \u00eates officiellement de la faction Tera<\/p>\n","protected":false},"excerpt":{"rendered":"<p>Si vous voulez faire parti de la faction Tera, il vous faudra faire la Quest:\u00a0\u00bb TeraTemptation\u00a0\u00bb (Lvl1 \u00e0 99) La qu\u00eate d\u00e9but au Tera Village (pour vous y rendre utilis\u00e9 le Tera Messenger \u00e0 Giran ou dans les zones de d\u00e9part) , rapprocher vous du centre du village pr\u00e8s du t\u00e9l\u00e9porter. Parler \u00e0 Castillia Castillia &hellip; <\/p>\n<p class=\"link-more\"><a href=\"https:\/\/l2sacrifice.fr\/?page_id=748\" class=\"more-link\">Continuer la lecture<span class=\"screen-reader-text\"> de &laquo;&nbsp;Quest: Tera Temptation&nbsp;&raquo;<\/span><\/a><\/p>\n","protected":false},"author":1,"featured_media":758,"parent":0,"menu_order":0,"comment_status":"closed","ping_status":"closed","template":"","meta":{"footnotes":""},"class_list":["post-748","page","type-page","status-publish","has-post-thumbnail","hentry"],"yoast_head":"<!-- This site is optimized with the Yoast SEO plugin v27.0 - https:\/\/yoast.com\/product\/yoast-seo-wordpress\/ -->\n<title>Quest: Tera Temptation - L2Sacrifice<\/title>\n<meta name=\"robots\" content=\"index, follow, max-snippet:-1, max-image-preview:large, max-video-preview:-1\" \/>\n<link rel=\"canonical\" href=\"https:\/\/l2sacrifice.fr\/?page_id=748\" \/>\n<meta property=\"og:locale\" content=\"fr_FR\" \/>\n<meta property=\"og:type\" content=\"article\" \/>\n<meta property=\"og:title\" content=\"Quest: Tera Temptation - L2Sacrifice\" \/>\n<meta property=\"og:description\" content=\"Si vous voulez faire parti de la faction Tera, il vous faudra faire la Quest:\u00a0\u00bb TeraTemptation\u00a0\u00bb (Lvl1 \u00e0 99) La qu\u00eate d\u00e9but au Tera Village (pour vous y rendre utilis\u00e9 le Tera Messenger \u00e0 Giran ou dans les zones de d\u00e9part) , rapprocher vous du centre du village pr\u00e8s du t\u00e9l\u00e9porter. Parler \u00e0 Castillia Castillia &hellip; Continuer la lecture de &laquo;&nbsp;Quest: Tera Temptation&nbsp;&raquo;\" \/>\n<meta property=\"og:url\" content=\"https:\/\/l2sacrifice.fr\/?page_id=748\" \/>\n<meta property=\"og:site_name\" content=\"L2Sacrifice\" \/>\n<meta property=\"article:modified_time\" content=\"2020-05-08T10:03:11+00:00\" \/>\n<meta property=\"og:image\" content=\"https:\/\/l2sacrifice.fr\/wp-content\/uploads\/2020\/05\/Tera-Quest.png\" \/>\n\t<meta property=\"og:image:width\" content=\"1010\" \/>\n\t<meta property=\"og:image:height\" content=\"510\" \/>\n\t<meta property=\"og:image:type\" content=\"image\/png\" \/>\n<meta name=\"twitter:card\" content=\"summary_large_image\" \/>\n<meta name=\"twitter:label1\" content=\"Dur\u00e9e de lecture estim\u00e9e\" \/>\n\t<meta name=\"twitter:data1\" content=\"1 minute\" \/>\n<script type=\"application\/ld+json\" class=\"yoast-schema-graph\">{\"@context\":\"https:\/\/schema.org\",\"@graph\":[{\"@type\":\"WebPage\",\"@id\":\"https:\/\/l2sacrifice.fr\/?page_id=748\",\"url\":\"https:\/\/l2sacrifice.fr\/?page_id=748\",\"name\":\"Quest: Tera Temptation - L2Sacrifice\",\"isPartOf\":{\"@id\":\"https:\/\/l2sacrifice.fr\/#website\"},\"primaryImageOfPage\":{\"@id\":\"https:\/\/l2sacrifice.fr\/?page_id=748#primaryimage\"},\"image\":{\"@id\":\"https:\/\/l2sacrifice.fr\/?page_id=748#primaryimage\"},\"thumbnailUrl\":\"https:\/\/l2sacrifice.fr\/wp-content\/uploads\/2020\/05\/Tera-Quest.png\",\"datePublished\":\"2020-05-07T18:34:37+00:00\",\"dateModified\":\"2020-05-08T10:03:11+00:00\",\"breadcrumb\":{\"@id\":\"https:\/\/l2sacrifice.fr\/?page_id=748#breadcrumb\"},\"inLanguage\":\"fr-FR\",\"potentialAction\":[{\"@type\":\"ReadAction\",\"target\":[\"https:\/\/l2sacrifice.fr\/?page_id=748\"]}]},{\"@type\":\"ImageObject\",\"inLanguage\":\"fr-FR\",\"@id\":\"https:\/\/l2sacrifice.fr\/?page_id=748#primaryimage\",\"url\":\"https:\/\/l2sacrifice.fr\/wp-content\/uploads\/2020\/05\/Tera-Quest.png\",\"contentUrl\":\"https:\/\/l2sacrifice.fr\/wp-content\/uploads\/2020\/05\/Tera-Quest.png\",\"width\":1010,\"height\":510},{\"@type\":\"BreadcrumbList\",\"@id\":\"https:\/\/l2sacrifice.fr\/?page_id=748#breadcrumb\",\"itemListElement\":[{\"@type\":\"ListItem\",\"position\":1,\"name\":\"Home\",\"item\":\"https:\/\/l2sacrifice.fr\/\"},{\"@type\":\"ListItem\",\"position\":2,\"name\":\"Quest: Tera Temptation\"}]},{\"@type\":\"WebSite\",\"@id\":\"https:\/\/l2sacrifice.fr\/#website\",\"url\":\"https:\/\/l2sacrifice.fr\/\",\"name\":\"L2Sacrifice\",\"description\":\"Lineage 2 Sacrifice pour la vie\",\"publisher\":{\"@id\":\"https:\/\/l2sacrifice.fr\/#\/schema\/person\/4ff20fbcfb77afded60cac13ff16dfa8\"},\"potentialAction\":[{\"@type\":\"SearchAction\",\"target\":{\"@type\":\"EntryPoint\",\"urlTemplate\":\"https:\/\/l2sacrifice.fr\/?s={search_term_string}\"},\"query-input\":{\"@type\":\"PropertyValueSpecification\",\"valueRequired\":true,\"valueName\":\"search_term_string\"}}],\"inLanguage\":\"fr-FR\"},{\"@type\":[\"Person\",\"Organization\"],\"@id\":\"https:\/\/l2sacrifice.fr\/#\/schema\/person\/4ff20fbcfb77afded60cac13ff16dfa8\",\"name\":\"darksimonus\",\"image\":{\"@type\":\"ImageObject\",\"inLanguage\":\"fr-FR\",\"@id\":\"https:\/\/l2sacrifice.fr\/#\/schema\/person\/image\/\",\"url\":\"https:\/\/l2sacrifice.fr\/wp-content\/uploads\/2020\/05\/Logo_mini.png\",\"contentUrl\":\"https:\/\/l2sacrifice.fr\/wp-content\/uploads\/2020\/05\/Logo_mini.png\",\"width\":225,\"height\":225,\"caption\":\"darksimonus\"},\"logo\":{\"@id\":\"https:\/\/l2sacrifice.fr\/#\/schema\/person\/image\/\"}}]}<\/script>\n<!-- \/ Yoast SEO plugin. -->","yoast_head_json":{"title":"Quest: Tera Temptation - L2Sacrifice","robots":{"index":"index","follow":"follow","max-snippet":"max-snippet:-1","max-image-preview":"max-image-preview:large","max-video-preview":"max-video-preview:-1"},"canonical":"https:\/\/l2sacrifice.fr\/?page_id=748","og_locale":"fr_FR","og_type":"article","og_title":"Quest: Tera Temptation - L2Sacrifice","og_description":"Si vous voulez faire parti de la faction Tera, il vous faudra faire la Quest:\u00a0\u00bb TeraTemptation\u00a0\u00bb (Lvl1 \u00e0 99) La qu\u00eate d\u00e9but au Tera Village (pour vous y rendre utilis\u00e9 le Tera Messenger \u00e0 Giran ou dans les zones de d\u00e9part) , rapprocher vous du centre du village pr\u00e8s du t\u00e9l\u00e9porter. Parler \u00e0 Castillia Castillia &hellip; Continuer la lecture de &laquo;&nbsp;Quest: Tera Temptation&nbsp;&raquo;","og_url":"https:\/\/l2sacrifice.fr\/?page_id=748","og_site_name":"L2Sacrifice","article_modified_time":"2020-05-08T10:03:11+00:00","og_image":[{"width":1010,"height":510,"url":"https:\/\/l2sacrifice.fr\/wp-content\/uploads\/2020\/05\/Tera-Quest.png","type":"image\/png"}],"twitter_card":"summary_large_image","twitter_misc":{"Dur\u00e9e de lecture estim\u00e9e":"1 minute"},"schema":{"@context":"https:\/\/schema.org","@graph":[{"@type":"WebPage","@id":"https:\/\/l2sacrifice.fr\/?page_id=748","url":"https:\/\/l2sacrifice.fr\/?page_id=748","name":"Quest: Tera Temptation - L2Sacrifice","isPartOf":{"@id":"https:\/\/l2sacrifice.fr\/#website"},"primaryImageOfPage":{"@id":"https:\/\/l2sacrifice.fr\/?page_id=748#primaryimage"},"image":{"@id":"https:\/\/l2sacrifice.fr\/?page_id=748#primaryimage"},"thumbnailUrl":"https:\/\/l2sacrifice.fr\/wp-content\/uploads\/2020\/05\/Tera-Quest.png","datePublished":"2020-05-07T18:34:37+00:00","dateModified":"2020-05-08T10:03:11+00:00","breadcrumb":{"@id":"https:\/\/l2sacrifice.fr\/?page_id=748#breadcrumb"},"inLanguage":"fr-FR","potentialAction":[{"@type":"ReadAction","target":["https:\/\/l2sacrifice.fr\/?page_id=748"]}]},{"@type":"ImageObject","inLanguage":"fr-FR","@id":"https:\/\/l2sacrifice.fr\/?page_id=748#primaryimage","url":"https:\/\/l2sacrifice.fr\/wp-content\/uploads\/2020\/05\/Tera-Quest.png","contentUrl":"https:\/\/l2sacrifice.fr\/wp-content\/uploads\/2020\/05\/Tera-Quest.png","width":1010,"height":510},{"@type":"BreadcrumbList","@id":"https:\/\/l2sacrifice.fr\/?page_id=748#breadcrumb","itemListElement":[{"@type":"ListItem","position":1,"name":"Home","item":"https:\/\/l2sacrifice.fr\/"},{"@type":"ListItem","position":2,"name":"Quest: Tera Temptation"}]},{"@type":"WebSite","@id":"https:\/\/l2sacrifice.fr\/#website","url":"https:\/\/l2sacrifice.fr\/","name":"L2Sacrifice","description":"Lineage 2 Sacrifice pour la vie","publisher":{"@id":"https:\/\/l2sacrifice.fr\/#\/schema\/person\/4ff20fbcfb77afded60cac13ff16dfa8"},"potentialAction":[{"@type":"SearchAction","target":{"@type":"EntryPoint","urlTemplate":"https:\/\/l2sacrifice.fr\/?s={search_term_string}"},"query-input":{"@type":"PropertyValueSpecification","valueRequired":true,"valueName":"search_term_string"}}],"inLanguage":"fr-FR"},{"@type":["Person","Organization"],"@id":"https:\/\/l2sacrifice.fr\/#\/schema\/person\/4ff20fbcfb77afded60cac13ff16dfa8","name":"darksimonus","image":{"@type":"ImageObject","inLanguage":"fr-FR","@id":"https:\/\/l2sacrifice.fr\/#\/schema\/person\/image\/","url":"https:\/\/l2sacrifice.fr\/wp-content\/uploads\/2020\/05\/Logo_mini.png","contentUrl":"https:\/\/l2sacrifice.fr\/wp-content\/uploads\/2020\/05\/Logo_mini.png","width":225,"height":225,"caption":"darksimonus"},"logo":{"@id":"https:\/\/l2sacrifice.fr\/#\/schema\/person\/image\/"}}]}},"_links":{"self":[{"href":"https:\/\/l2sacrifice.fr\/index.php?rest_route=\/wp\/v2\/pages\/748","targetHints":{"allow":["GET"]}}],"collection":[{"href":"https:\/\/l2sacrifice.fr\/index.php?rest_route=\/wp\/v2\/pages"}],"about":[{"href":"https:\/\/l2sacrifice.fr\/index.php?rest_route=\/wp\/v2\/types\/page"}],"author":[{"embeddable":true,"href":"https:\/\/l2sacrifice.fr\/index.php?rest_route=\/wp\/v2\/users\/1"}],"replies":[{"embeddable":true,"href":"https:\/\/l2sacrifice.fr\/index.php?rest_route=%2Fwp%2Fv2%2Fcomments&post=748"}],"version-history":[{"count":9,"href":"https:\/\/l2sacrifice.fr\/index.php?rest_route=\/wp\/v2\/pages\/748\/revisions"}],"predecessor-version":[{"id":885,"href":"https:\/\/l2sacrifice.fr\/index.php?rest_route=\/wp\/v2\/pages\/748\/revisions\/885"}],"wp:featuredmedia":[{"embeddable":true,"href":"https:\/\/l2sacrifice.fr\/index.php?rest_route=\/wp\/v2\/media\/758"}],"wp:attachment":[{"href":"https:\/\/l2sacrifice.fr\/index.php?rest_route=%2Fwp%2Fv2%2Fmedia&parent=748"}],"curies":[{"name":"wp","href":"https:\/\/api.w.org\/{rel}","templated":true}]}}