{"id":461,"date":"2020-05-03T17:31:57","date_gmt":"2020-05-03T15:31:57","guid":{"rendered":"https:\/\/l2sacrifice.fr\/?page_id=461"},"modified":"2020-05-07T14:47:25","modified_gmt":"2020-05-07T12:47:25","slug":"boss-specials","status":"publish","type":"page","link":"https:\/\/l2sacrifice.fr\/?page_id=461","title":{"rendered":"Boss Items"},"content":{"rendered":"\n<p>Vous avez acc\u00e8s sur sacrifice \u00e0 des boss droppant une collection d&rsquo;armes sp\u00e9ciales boss ou des bijou ou des items permettant de crafter des \u00e9quipements boss<\/p>\n\n\n\n<p>Vous avez tous les types d&rsquo;armes en version Boss:<\/p>\n\n\n\n<p>-Darion Sword<br> -Darion Shield<br> -Demon Darion Pole<br> -Rahuu Bow<br> -Anakim Shooter<br> -Robotenic Hammer<br> -Snake Dagger<br> -Baylor Fist<br> -Gordon Rapier<br> -Ice Fairy Staff<br> -Fire Fairy Staff<br> -Benom Sword * Benom Sword<br> -Scarlet Wingblade<br> -Scarlet Two Hand<br> -Rah Blunt<\/p>\n\n\n\n<p>Des Bijoux:<\/p>\n\n\n\n<p>-Ring of Octavis<br>\n-Beleth Ring<br>\n-Ring of Istina<br>\n\u2026<\/p>\n\n\n\n<p>Voici une petite vid\u00e9o vous lisant ces 1er bosses que vous pourrez rencontrer:<\/p>\n\n\n\n<center><figure><iframe loading=\"lazy\" src=\"https:\/\/www.youtube.com\/embed\/3zbkv_tPISg\" allowfullscreen=\"\" width=\"560\" height=\"315\"><\/iframe><\/figure><\/center>\n\n\n\n<p>Ils sont accessibles par le Sacrifice Gatekeeper ou au Boss Gatekeeper ou par l&rsquo;interm\u00e9diaire de qu\u00eate boss<\/p>\n\n\n\n<p>Voici quelques exemples de qu\u00eate boss:<\/p>\n\n\n\n<center><figure><iframe loading=\"lazy\" src=\"https:\/\/www.youtube.com\/embed\/zpOguEYnLtc\" allowfullscreen=\"\" width=\"560\" height=\"315\"><\/iframe><\/figure>\n<iframe loading=\"lazy\" src=\"https:\/\/www.youtube.com\/embed\/X_Yu7yyFRVo\" allow=\"accelerometer; autoplay; encrypted-media; gyroscope; picture-in-picture\" allowfullscreen=\"\" width=\"560\" height=\"315\" frameborder=\"0\"><\/iframe>\n<\/center>\n","protected":false},"excerpt":{"rendered":"<p>Vous avez acc\u00e8s sur sacrifice \u00e0 des boss droppant une collection d&rsquo;armes sp\u00e9ciales boss ou des bijou ou des items permettant de crafter des \u00e9quipements boss Vous avez tous les types d&rsquo;armes en version Boss: -Darion Sword -Darion Shield -Demon Darion Pole -Rahuu Bow -Anakim Shooter -Robotenic Hammer -Snake Dagger -Baylor Fist -Gordon Rapier -Ice &hellip; <\/p>\n<p class=\"link-more\"><a href=\"https:\/\/l2sacrifice.fr\/?page_id=461\" class=\"more-link\">Continuer la lecture<span class=\"screen-reader-text\"> de &laquo;&nbsp;Boss Items&nbsp;&raquo;<\/span><\/a><\/p>\n","protected":false},"author":1,"featured_media":655,"parent":0,"menu_order":0,"comment_status":"closed","ping_status":"closed","template":"","meta":{"footnotes":""},"class_list":["post-461","page","type-page","status-publish","has-post-thumbnail","hentry"],"yoast_head":"<!-- This site is optimized with the Yoast SEO plugin v27.0 - https:\/\/yoast.com\/product\/yoast-seo-wordpress\/ -->\n<title>Boss Items - L2Sacrifice<\/title>\n<meta name=\"robots\" content=\"index, follow, max-snippet:-1, max-image-preview:large, max-video-preview:-1\" \/>\n<link rel=\"canonical\" href=\"https:\/\/l2sacrifice.fr\/?page_id=461\" \/>\n<meta property=\"og:locale\" content=\"fr_FR\" \/>\n<meta property=\"og:type\" content=\"article\" \/>\n<meta property=\"og:title\" content=\"Boss Items - L2Sacrifice\" \/>\n<meta property=\"og:description\" content=\"Vous avez acc\u00e8s sur sacrifice \u00e0 des boss droppant une collection d&rsquo;armes sp\u00e9ciales boss ou des bijou ou des items permettant de crafter des \u00e9quipements boss Vous avez tous les types d&rsquo;armes en version Boss: -Darion Sword -Darion Shield -Demon Darion Pole -Rahuu Bow -Anakim Shooter -Robotenic Hammer -Snake Dagger -Baylor Fist -Gordon Rapier -Ice &hellip; Continuer la lecture de &laquo;&nbsp;Boss Items&nbsp;&raquo;\" \/>\n<meta property=\"og:url\" content=\"https:\/\/l2sacrifice.fr\/?page_id=461\" \/>\n<meta property=\"og:site_name\" content=\"L2Sacrifice\" \/>\n<meta property=\"article:modified_time\" content=\"2020-05-07T12:47:25+00:00\" \/>\n<meta property=\"og:image\" content=\"https:\/\/l2sacrifice.fr\/wp-content\/uploads\/2020\/05\/Boss_items_title.png\" \/>\n\t<meta property=\"og:image:width\" content=\"1010\" \/>\n\t<meta property=\"og:image:height\" content=\"510\" \/>\n\t<meta property=\"og:image:type\" content=\"image\/png\" \/>\n<meta name=\"twitter:card\" content=\"summary_large_image\" \/>\n<meta name=\"twitter:label1\" content=\"Dur\u00e9e de lecture estim\u00e9e\" \/>\n\t<meta name=\"twitter:data1\" content=\"1 minute\" \/>\n<script type=\"application\/ld+json\" class=\"yoast-schema-graph\">{\"@context\":\"https:\/\/schema.org\",\"@graph\":[{\"@type\":\"WebPage\",\"@id\":\"https:\/\/l2sacrifice.fr\/?page_id=461\",\"url\":\"https:\/\/l2sacrifice.fr\/?page_id=461\",\"name\":\"Boss Items - L2Sacrifice\",\"isPartOf\":{\"@id\":\"https:\/\/l2sacrifice.fr\/#website\"},\"primaryImageOfPage\":{\"@id\":\"https:\/\/l2sacrifice.fr\/?page_id=461#primaryimage\"},\"image\":{\"@id\":\"https:\/\/l2sacrifice.fr\/?page_id=461#primaryimage\"},\"thumbnailUrl\":\"https:\/\/l2sacrifice.fr\/wp-content\/uploads\/2020\/05\/Boss_items_title.png\",\"datePublished\":\"2020-05-03T15:31:57+00:00\",\"dateModified\":\"2020-05-07T12:47:25+00:00\",\"breadcrumb\":{\"@id\":\"https:\/\/l2sacrifice.fr\/?page_id=461#breadcrumb\"},\"inLanguage\":\"fr-FR\",\"potentialAction\":[{\"@type\":\"ReadAction\",\"target\":[\"https:\/\/l2sacrifice.fr\/?page_id=461\"]}]},{\"@type\":\"ImageObject\",\"inLanguage\":\"fr-FR\",\"@id\":\"https:\/\/l2sacrifice.fr\/?page_id=461#primaryimage\",\"url\":\"https:\/\/l2sacrifice.fr\/wp-content\/uploads\/2020\/05\/Boss_items_title.png\",\"contentUrl\":\"https:\/\/l2sacrifice.fr\/wp-content\/uploads\/2020\/05\/Boss_items_title.png\",\"width\":1010,\"height\":510},{\"@type\":\"BreadcrumbList\",\"@id\":\"https:\/\/l2sacrifice.fr\/?page_id=461#breadcrumb\",\"itemListElement\":[{\"@type\":\"ListItem\",\"position\":1,\"name\":\"Home\",\"item\":\"https:\/\/l2sacrifice.fr\/\"},{\"@type\":\"ListItem\",\"position\":2,\"name\":\"Boss Items\"}]},{\"@type\":\"WebSite\",\"@id\":\"https:\/\/l2sacrifice.fr\/#website\",\"url\":\"https:\/\/l2sacrifice.fr\/\",\"name\":\"L2Sacrifice\",\"description\":\"Lineage 2 Sacrifice pour la vie\",\"publisher\":{\"@id\":\"https:\/\/l2sacrifice.fr\/#\/schema\/person\/4ff20fbcfb77afded60cac13ff16dfa8\"},\"potentialAction\":[{\"@type\":\"SearchAction\",\"target\":{\"@type\":\"EntryPoint\",\"urlTemplate\":\"https:\/\/l2sacrifice.fr\/?s={search_term_string}\"},\"query-input\":{\"@type\":\"PropertyValueSpecification\",\"valueRequired\":true,\"valueName\":\"search_term_string\"}}],\"inLanguage\":\"fr-FR\"},{\"@type\":[\"Person\",\"Organization\"],\"@id\":\"https:\/\/l2sacrifice.fr\/#\/schema\/person\/4ff20fbcfb77afded60cac13ff16dfa8\",\"name\":\"darksimonus\",\"image\":{\"@type\":\"ImageObject\",\"inLanguage\":\"fr-FR\",\"@id\":\"https:\/\/l2sacrifice.fr\/#\/schema\/person\/image\/\",\"url\":\"https:\/\/l2sacrifice.fr\/wp-content\/uploads\/2020\/05\/Logo_mini.png\",\"contentUrl\":\"https:\/\/l2sacrifice.fr\/wp-content\/uploads\/2020\/05\/Logo_mini.png\",\"width\":225,\"height\":225,\"caption\":\"darksimonus\"},\"logo\":{\"@id\":\"https:\/\/l2sacrifice.fr\/#\/schema\/person\/image\/\"}}]}<\/script>\n<!-- \/ Yoast SEO plugin. -->","yoast_head_json":{"title":"Boss Items - L2Sacrifice","robots":{"index":"index","follow":"follow","max-snippet":"max-snippet:-1","max-image-preview":"max-image-preview:large","max-video-preview":"max-video-preview:-1"},"canonical":"https:\/\/l2sacrifice.fr\/?page_id=461","og_locale":"fr_FR","og_type":"article","og_title":"Boss Items - L2Sacrifice","og_description":"Vous avez acc\u00e8s sur sacrifice \u00e0 des boss droppant une collection d&rsquo;armes sp\u00e9ciales boss ou des bijou ou des items permettant de crafter des \u00e9quipements boss Vous avez tous les types d&rsquo;armes en version Boss: -Darion Sword -Darion Shield -Demon Darion Pole -Rahuu Bow -Anakim Shooter -Robotenic Hammer -Snake Dagger -Baylor Fist -Gordon Rapier -Ice &hellip; Continuer la lecture de &laquo;&nbsp;Boss Items&nbsp;&raquo;","og_url":"https:\/\/l2sacrifice.fr\/?page_id=461","og_site_name":"L2Sacrifice","article_modified_time":"2020-05-07T12:47:25+00:00","og_image":[{"width":1010,"height":510,"url":"https:\/\/l2sacrifice.fr\/wp-content\/uploads\/2020\/05\/Boss_items_title.png","type":"image\/png"}],"twitter_card":"summary_large_image","twitter_misc":{"Dur\u00e9e de lecture estim\u00e9e":"1 minute"},"schema":{"@context":"https:\/\/schema.org","@graph":[{"@type":"WebPage","@id":"https:\/\/l2sacrifice.fr\/?page_id=461","url":"https:\/\/l2sacrifice.fr\/?page_id=461","name":"Boss Items - L2Sacrifice","isPartOf":{"@id":"https:\/\/l2sacrifice.fr\/#website"},"primaryImageOfPage":{"@id":"https:\/\/l2sacrifice.fr\/?page_id=461#primaryimage"},"image":{"@id":"https:\/\/l2sacrifice.fr\/?page_id=461#primaryimage"},"thumbnailUrl":"https:\/\/l2sacrifice.fr\/wp-content\/uploads\/2020\/05\/Boss_items_title.png","datePublished":"2020-05-03T15:31:57+00:00","dateModified":"2020-05-07T12:47:25+00:00","breadcrumb":{"@id":"https:\/\/l2sacrifice.fr\/?page_id=461#breadcrumb"},"inLanguage":"fr-FR","potentialAction":[{"@type":"ReadAction","target":["https:\/\/l2sacrifice.fr\/?page_id=461"]}]},{"@type":"ImageObject","inLanguage":"fr-FR","@id":"https:\/\/l2sacrifice.fr\/?page_id=461#primaryimage","url":"https:\/\/l2sacrifice.fr\/wp-content\/uploads\/2020\/05\/Boss_items_title.png","contentUrl":"https:\/\/l2sacrifice.fr\/wp-content\/uploads\/2020\/05\/Boss_items_title.png","width":1010,"height":510},{"@type":"BreadcrumbList","@id":"https:\/\/l2sacrifice.fr\/?page_id=461#breadcrumb","itemListElement":[{"@type":"ListItem","position":1,"name":"Home","item":"https:\/\/l2sacrifice.fr\/"},{"@type":"ListItem","position":2,"name":"Boss Items"}]},{"@type":"WebSite","@id":"https:\/\/l2sacrifice.fr\/#website","url":"https:\/\/l2sacrifice.fr\/","name":"L2Sacrifice","description":"Lineage 2 Sacrifice pour la vie","publisher":{"@id":"https:\/\/l2sacrifice.fr\/#\/schema\/person\/4ff20fbcfb77afded60cac13ff16dfa8"},"potentialAction":[{"@type":"SearchAction","target":{"@type":"EntryPoint","urlTemplate":"https:\/\/l2sacrifice.fr\/?s={search_term_string}"},"query-input":{"@type":"PropertyValueSpecification","valueRequired":true,"valueName":"search_term_string"}}],"inLanguage":"fr-FR"},{"@type":["Person","Organization"],"@id":"https:\/\/l2sacrifice.fr\/#\/schema\/person\/4ff20fbcfb77afded60cac13ff16dfa8","name":"darksimonus","image":{"@type":"ImageObject","inLanguage":"fr-FR","@id":"https:\/\/l2sacrifice.fr\/#\/schema\/person\/image\/","url":"https:\/\/l2sacrifice.fr\/wp-content\/uploads\/2020\/05\/Logo_mini.png","contentUrl":"https:\/\/l2sacrifice.fr\/wp-content\/uploads\/2020\/05\/Logo_mini.png","width":225,"height":225,"caption":"darksimonus"},"logo":{"@id":"https:\/\/l2sacrifice.fr\/#\/schema\/person\/image\/"}}]}},"_links":{"self":[{"href":"https:\/\/l2sacrifice.fr\/index.php?rest_route=\/wp\/v2\/pages\/461","targetHints":{"allow":["GET"]}}],"collection":[{"href":"https:\/\/l2sacrifice.fr\/index.php?rest_route=\/wp\/v2\/pages"}],"about":[{"href":"https:\/\/l2sacrifice.fr\/index.php?rest_route=\/wp\/v2\/types\/page"}],"author":[{"embeddable":true,"href":"https:\/\/l2sacrifice.fr\/index.php?rest_route=\/wp\/v2\/users\/1"}],"replies":[{"embeddable":true,"href":"https:\/\/l2sacrifice.fr\/index.php?rest_route=%2Fwp%2Fv2%2Fcomments&post=461"}],"version-history":[{"count":10,"href":"https:\/\/l2sacrifice.fr\/index.php?rest_route=\/wp\/v2\/pages\/461\/revisions"}],"predecessor-version":[{"id":656,"href":"https:\/\/l2sacrifice.fr\/index.php?rest_route=\/wp\/v2\/pages\/461\/revisions\/656"}],"wp:featuredmedia":[{"embeddable":true,"href":"https:\/\/l2sacrifice.fr\/index.php?rest_route=\/wp\/v2\/media\/655"}],"wp:attachment":[{"href":"https:\/\/l2sacrifice.fr\/index.php?rest_route=%2Fwp%2Fv2%2Fmedia&parent=461"}],"curies":[{"name":"wp","href":"https:\/\/api.w.org\/{rel}","templated":true}]}}