{"id":1706,"date":"2020-07-26T18:21:15","date_gmt":"2020-07-26T16:21:15","guid":{"rendered":"https:\/\/l2sacrifice.fr\/?page_id=1706"},"modified":"2020-07-26T18:40:35","modified_gmt":"2020-07-26T16:40:35","slug":"aion-transformation-5eme-rebirth","status":"publish","type":"page","link":"https:\/\/l2sacrifice.fr\/?page_id=1706","title":{"rendered":"Aion Transformation 5\u00e8me Rebirth"},"content":{"rendered":"\n<p><\/p>\n\n\n\n<p>Les transformations de classe Aion \u00e9voluent: pour obtenir leurs \u00e9volutions, il vous faudra avoir la 5<sup>\u00e8me<\/sup> Rebirth, avoir votre 1<sup>\u00e8re<\/sup> transformation classe puis obtenir 10 AionConfirmation Ticket et refaire une Aion Letter.<\/p>\n\n\n\n<div class=\"wp-block-image\"><figure class=\"aligncenter size-large is-resized\"><img loading=\"lazy\" decoding=\"async\" src=\"https:\/\/l2sacrifice.fr\/wp-content\/uploads\/2020\/07\/image-16.png\" alt=\"\" class=\"wp-image-1719\" width=\"82\" height=\"84\"\/><figcaption> Aion Confirmation Letter <\/figcaption><\/figure><\/div>\n\n\n\n<div class=\"wp-block-image\"><figure class=\"aligncenter size-large is-resized\"><img loading=\"lazy\" decoding=\"async\" src=\"https:\/\/l2sacrifice.fr\/wp-content\/uploads\/2020\/07\/image-15.png\" alt=\"\" class=\"wp-image-1718\" width=\"83\" height=\"88\"\/><figcaption>Aion Letter<\/figcaption><\/figure><\/div>\n\n\n\n<p>Les Aion Confirmation Tickets s\u2019obtient gr\u00e2ce \u00e0 l\u2019instance&nbsp;: \u00ab&nbsp;Aion Confrimation&nbsp;\u00bb qui est un gros crystal qui se trouve \u00e0 c\u00f4t\u00e9 du manager.<\/p>\n\n\n\n<div class=\"wp-block-image\"><figure class=\"aligncenter size-large\"><img loading=\"lazy\" decoding=\"async\" width=\"1305\" height=\"794\" src=\"https:\/\/l2sacrifice.fr\/wp-content\/uploads\/2020\/07\/image-11.png\" alt=\"\" class=\"wp-image-1714\"\/><\/figure><\/div>\n\n\n\n<p>Pour entrer dans l\u2019instance qui est accessible tous les 20h, il faut faudra \u00eatre transformer en 1\u00e8re transformation Classe, avoir une arme Aion pour pouvoir taper les mobs, \u00eatre Rebirth 5, donner 1M de Kinah et \u00eatre en party de 2.<\/p>\n\n\n\n<div class=\"wp-block-image\"><figure class=\"aligncenter size-large\"><img loading=\"lazy\" decoding=\"async\" width=\"691\" height=\"481\" src=\"https:\/\/l2sacrifice.fr\/wp-content\/uploads\/2020\/07\/image-12.png\" alt=\"\" class=\"wp-image-1715\"\/><\/figure><\/div>\n\n\n\n<div class=\"wp-block-image\"><figure class=\"aligncenter size-large\"><img loading=\"lazy\" decoding=\"async\" width=\"336\" height=\"427\" src=\"https:\/\/l2sacrifice.fr\/wp-content\/uploads\/2020\/07\/image-13.png\" alt=\"\" class=\"wp-image-1716\"\/><\/figure><\/div>\n\n\n\n<p>L\u2019instance poss\u00e8de 2 phases, vous affronterez les 1<sup>\u00e8res<\/sup> Aion Transformations Femelle puis Males, un Crystal de transition \u00e0 d\u00e9truire vous permettra d\u2019acc\u00e9der \u00e0 la phase 2 ou vous combattrez les 5<sup>\u00e8me<\/sup> Rebirth Aion Transformations Femelle puis Males. Pour terminer l\u2019instance il vous faudra d\u00e9truire le Crystal final. Vous obtiendrez au final le Aion Confirmation Ticket.<\/p>\n\n\n\n<p>A noter que sur chaque mob vous dropez individuellement 2 Aion Transfo Spirit \u00e0 utiliser pour vos Transformation Aion Rebirth 5.<\/p>\n\n\n\n<div class=\"wp-block-image\"><figure class=\"aligncenter size-large is-resized\"><img loading=\"lazy\" decoding=\"async\" src=\"https:\/\/l2sacrifice.fr\/wp-content\/uploads\/2020\/07\/image-17.png\" alt=\"\" class=\"wp-image-1720\" width=\"98\" height=\"98\"\/><figcaption>Aion Transfo Spirit   <\/figcaption><\/figure><\/div>\n\n\n\n<p>Pour cr\u00e9er le La lettre 5<sup>\u00e8me<\/sup> Rebirth Transformation il faudra les cr\u00e9er sur le Crystal.<\/p>\n\n\n<p>\n<!--StartFragment--><\/p>\n\n\n<div class=\"wp-block-image\"><figure class=\"aligncenter size-large\"><img loading=\"lazy\" decoding=\"async\" width=\"691\" height=\"481\" src=\"https:\/\/l2sacrifice.fr\/wp-content\/uploads\/2020\/07\/image-12.png\" alt=\"\" class=\"wp-image-1715\"\/><\/figure><\/div>\n\n\n\n<p>Puis il vous faudra parler au manager pour obtenir votre transformation Class Rebirth 5<\/p>\n\n\n\n<div class=\"wp-block-image\"><figure class=\"aligncenter size-large\"><img loading=\"lazy\" decoding=\"async\" width=\"519\" height=\"436\" src=\"https:\/\/l2sacrifice.fr\/wp-content\/uploads\/2020\/07\/image-14.png\" alt=\"\" class=\"wp-image-1717\"\/><\/figure><\/div>\n\n\n<p><!--EndFragment-->Et retourner parler au Aion Manager:<\/p>\n\n\n<figure class=\"wp-block-image size-large\"><img loading=\"lazy\" decoding=\"async\" width=\"1075\" height=\"759\" src=\"https:\/\/l2sacrifice.fr\/wp-content\/uploads\/2020\/07\/image-18.png\" alt=\"\" class=\"wp-image-1721\"\/><\/figure>\n\n\n\n<p>Et vous obtiendrez le skill transfo class R5<\/p>\n\n\n\n<figure class=\"wp-block-video\"><video controls src=\"https:\/\/l2sacrifice.fr\/wp-content\/uploads\/2020\/07\/Aion-Buffer-R5.mp4\"><\/video><\/figure>\n","protected":false},"excerpt":{"rendered":"<p>Les transformations de classe Aion \u00e9voluent: pour obtenir leurs \u00e9volutions, il vous faudra avoir la 5\u00e8me Rebirth, avoir votre 1\u00e8re transformation classe puis obtenir 10 AionConfirmation Ticket et refaire une Aion Letter. Les Aion Confirmation Tickets s\u2019obtient gr\u00e2ce \u00e0 l\u2019instance&nbsp;: \u00ab&nbsp;Aion Confrimation&nbsp;\u00bb qui est un gros crystal qui se trouve \u00e0 c\u00f4t\u00e9 du manager. Pour &hellip; <\/p>\n<p class=\"link-more\"><a href=\"https:\/\/l2sacrifice.fr\/?page_id=1706\" class=\"more-link\">Continuer la lecture<span class=\"screen-reader-text\"> de &laquo;&nbsp;Aion Transformation 5\u00e8me Rebirth&nbsp;&raquo;<\/span><\/a><\/p>\n","protected":false},"author":1,"featured_media":1726,"parent":0,"menu_order":0,"comment_status":"closed","ping_status":"closed","template":"","meta":{"footnotes":""},"class_list":["post-1706","page","type-page","status-publish","has-post-thumbnail","hentry"],"yoast_head":"<!-- This site is optimized with the Yoast SEO plugin v27.0 - https:\/\/yoast.com\/product\/yoast-seo-wordpress\/ -->\n<title>Aion Transformation 5\u00e8me Rebirth - L2Sacrifice<\/title>\n<meta name=\"robots\" content=\"index, follow, max-snippet:-1, max-image-preview:large, max-video-preview:-1\" \/>\n<link rel=\"canonical\" href=\"https:\/\/l2sacrifice.fr\/?page_id=1706\" \/>\n<meta property=\"og:locale\" content=\"fr_FR\" \/>\n<meta property=\"og:type\" content=\"article\" \/>\n<meta property=\"og:title\" content=\"Aion Transformation 5\u00e8me Rebirth - L2Sacrifice\" \/>\n<meta property=\"og:description\" content=\"Les transformations de classe Aion \u00e9voluent: pour obtenir leurs \u00e9volutions, il vous faudra avoir la 5\u00e8me Rebirth, avoir votre 1\u00e8re transformation classe puis obtenir 10 AionConfirmation Ticket et refaire une Aion Letter. Les Aion Confirmation Tickets s\u2019obtient gr\u00e2ce \u00e0 l\u2019instance&nbsp;: \u00ab&nbsp;Aion Confrimation&nbsp;\u00bb qui est un gros crystal qui se trouve \u00e0 c\u00f4t\u00e9 du manager. Pour &hellip; Continuer la lecture de &laquo;&nbsp;Aion Transformation 5\u00e8me Rebirth&nbsp;&raquo;\" \/>\n<meta property=\"og:url\" content=\"https:\/\/l2sacrifice.fr\/?page_id=1706\" \/>\n<meta property=\"og:site_name\" content=\"L2Sacrifice\" \/>\n<meta property=\"article:modified_time\" content=\"2020-07-26T16:40:35+00:00\" \/>\n<meta property=\"og:image\" content=\"https:\/\/l2sacrifice.fr\/wp-content\/uploads\/2020\/07\/Aion_Transfo_R5.png\" \/>\n\t<meta property=\"og:image:width\" content=\"1010\" \/>\n\t<meta property=\"og:image:height\" content=\"510\" \/>\n\t<meta property=\"og:image:type\" content=\"image\/png\" \/>\n<meta name=\"twitter:card\" content=\"summary_large_image\" \/>\n<meta name=\"twitter:label1\" content=\"Dur\u00e9e de lecture estim\u00e9e\" \/>\n\t<meta name=\"twitter:data1\" content=\"1 minute\" \/>\n<script type=\"application\/ld+json\" class=\"yoast-schema-graph\">{\"@context\":\"https:\/\/schema.org\",\"@graph\":[{\"@type\":\"WebPage\",\"@id\":\"https:\/\/l2sacrifice.fr\/?page_id=1706\",\"url\":\"https:\/\/l2sacrifice.fr\/?page_id=1706\",\"name\":\"Aion Transformation 5\u00e8me Rebirth - L2Sacrifice\",\"isPartOf\":{\"@id\":\"https:\/\/l2sacrifice.fr\/#website\"},\"primaryImageOfPage\":{\"@id\":\"https:\/\/l2sacrifice.fr\/?page_id=1706#primaryimage\"},\"image\":{\"@id\":\"https:\/\/l2sacrifice.fr\/?page_id=1706#primaryimage\"},\"thumbnailUrl\":\"https:\/\/l2sacrifice.fr\/wp-content\/uploads\/2020\/07\/Aion_Transfo_R5.png\",\"datePublished\":\"2020-07-26T16:21:15+00:00\",\"dateModified\":\"2020-07-26T16:40:35+00:00\",\"breadcrumb\":{\"@id\":\"https:\/\/l2sacrifice.fr\/?page_id=1706#breadcrumb\"},\"inLanguage\":\"fr-FR\",\"potentialAction\":[{\"@type\":\"ReadAction\",\"target\":[\"https:\/\/l2sacrifice.fr\/?page_id=1706\"]}]},{\"@type\":\"ImageObject\",\"inLanguage\":\"fr-FR\",\"@id\":\"https:\/\/l2sacrifice.fr\/?page_id=1706#primaryimage\",\"url\":\"https:\/\/l2sacrifice.fr\/wp-content\/uploads\/2020\/07\/Aion_Transfo_R5.png\",\"contentUrl\":\"https:\/\/l2sacrifice.fr\/wp-content\/uploads\/2020\/07\/Aion_Transfo_R5.png\",\"width\":1010,\"height\":510},{\"@type\":\"BreadcrumbList\",\"@id\":\"https:\/\/l2sacrifice.fr\/?page_id=1706#breadcrumb\",\"itemListElement\":[{\"@type\":\"ListItem\",\"position\":1,\"name\":\"Home\",\"item\":\"https:\/\/l2sacrifice.fr\/\"},{\"@type\":\"ListItem\",\"position\":2,\"name\":\"Aion Transformation 5\u00e8me Rebirth\"}]},{\"@type\":\"WebSite\",\"@id\":\"https:\/\/l2sacrifice.fr\/#website\",\"url\":\"https:\/\/l2sacrifice.fr\/\",\"name\":\"L2Sacrifice\",\"description\":\"Lineage 2 Sacrifice pour la vie\",\"publisher\":{\"@id\":\"https:\/\/l2sacrifice.fr\/#\/schema\/person\/4ff20fbcfb77afded60cac13ff16dfa8\"},\"potentialAction\":[{\"@type\":\"SearchAction\",\"target\":{\"@type\":\"EntryPoint\",\"urlTemplate\":\"https:\/\/l2sacrifice.fr\/?s={search_term_string}\"},\"query-input\":{\"@type\":\"PropertyValueSpecification\",\"valueRequired\":true,\"valueName\":\"search_term_string\"}}],\"inLanguage\":\"fr-FR\"},{\"@type\":[\"Person\",\"Organization\"],\"@id\":\"https:\/\/l2sacrifice.fr\/#\/schema\/person\/4ff20fbcfb77afded60cac13ff16dfa8\",\"name\":\"darksimonus\",\"image\":{\"@type\":\"ImageObject\",\"inLanguage\":\"fr-FR\",\"@id\":\"https:\/\/l2sacrifice.fr\/#\/schema\/person\/image\/\",\"url\":\"https:\/\/l2sacrifice.fr\/wp-content\/uploads\/2020\/05\/Logo_mini.png\",\"contentUrl\":\"https:\/\/l2sacrifice.fr\/wp-content\/uploads\/2020\/05\/Logo_mini.png\",\"width\":225,\"height\":225,\"caption\":\"darksimonus\"},\"logo\":{\"@id\":\"https:\/\/l2sacrifice.fr\/#\/schema\/person\/image\/\"}}]}<\/script>\n<!-- \/ Yoast SEO plugin. -->","yoast_head_json":{"title":"Aion Transformation 5\u00e8me Rebirth - L2Sacrifice","robots":{"index":"index","follow":"follow","max-snippet":"max-snippet:-1","max-image-preview":"max-image-preview:large","max-video-preview":"max-video-preview:-1"},"canonical":"https:\/\/l2sacrifice.fr\/?page_id=1706","og_locale":"fr_FR","og_type":"article","og_title":"Aion Transformation 5\u00e8me Rebirth - L2Sacrifice","og_description":"Les transformations de classe Aion \u00e9voluent: pour obtenir leurs \u00e9volutions, il vous faudra avoir la 5\u00e8me Rebirth, avoir votre 1\u00e8re transformation classe puis obtenir 10 AionConfirmation Ticket et refaire une Aion Letter. Les Aion Confirmation Tickets s\u2019obtient gr\u00e2ce \u00e0 l\u2019instance&nbsp;: \u00ab&nbsp;Aion Confrimation&nbsp;\u00bb qui est un gros crystal qui se trouve \u00e0 c\u00f4t\u00e9 du manager. Pour &hellip; Continuer la lecture de &laquo;&nbsp;Aion Transformation 5\u00e8me Rebirth&nbsp;&raquo;","og_url":"https:\/\/l2sacrifice.fr\/?page_id=1706","og_site_name":"L2Sacrifice","article_modified_time":"2020-07-26T16:40:35+00:00","og_image":[{"width":1010,"height":510,"url":"https:\/\/l2sacrifice.fr\/wp-content\/uploads\/2020\/07\/Aion_Transfo_R5.png","type":"image\/png"}],"twitter_card":"summary_large_image","twitter_misc":{"Dur\u00e9e de lecture estim\u00e9e":"1 minute"},"schema":{"@context":"https:\/\/schema.org","@graph":[{"@type":"WebPage","@id":"https:\/\/l2sacrifice.fr\/?page_id=1706","url":"https:\/\/l2sacrifice.fr\/?page_id=1706","name":"Aion Transformation 5\u00e8me Rebirth - L2Sacrifice","isPartOf":{"@id":"https:\/\/l2sacrifice.fr\/#website"},"primaryImageOfPage":{"@id":"https:\/\/l2sacrifice.fr\/?page_id=1706#primaryimage"},"image":{"@id":"https:\/\/l2sacrifice.fr\/?page_id=1706#primaryimage"},"thumbnailUrl":"https:\/\/l2sacrifice.fr\/wp-content\/uploads\/2020\/07\/Aion_Transfo_R5.png","datePublished":"2020-07-26T16:21:15+00:00","dateModified":"2020-07-26T16:40:35+00:00","breadcrumb":{"@id":"https:\/\/l2sacrifice.fr\/?page_id=1706#breadcrumb"},"inLanguage":"fr-FR","potentialAction":[{"@type":"ReadAction","target":["https:\/\/l2sacrifice.fr\/?page_id=1706"]}]},{"@type":"ImageObject","inLanguage":"fr-FR","@id":"https:\/\/l2sacrifice.fr\/?page_id=1706#primaryimage","url":"https:\/\/l2sacrifice.fr\/wp-content\/uploads\/2020\/07\/Aion_Transfo_R5.png","contentUrl":"https:\/\/l2sacrifice.fr\/wp-content\/uploads\/2020\/07\/Aion_Transfo_R5.png","width":1010,"height":510},{"@type":"BreadcrumbList","@id":"https:\/\/l2sacrifice.fr\/?page_id=1706#breadcrumb","itemListElement":[{"@type":"ListItem","position":1,"name":"Home","item":"https:\/\/l2sacrifice.fr\/"},{"@type":"ListItem","position":2,"name":"Aion Transformation 5\u00e8me Rebirth"}]},{"@type":"WebSite","@id":"https:\/\/l2sacrifice.fr\/#website","url":"https:\/\/l2sacrifice.fr\/","name":"L2Sacrifice","description":"Lineage 2 Sacrifice pour la vie","publisher":{"@id":"https:\/\/l2sacrifice.fr\/#\/schema\/person\/4ff20fbcfb77afded60cac13ff16dfa8"},"potentialAction":[{"@type":"SearchAction","target":{"@type":"EntryPoint","urlTemplate":"https:\/\/l2sacrifice.fr\/?s={search_term_string}"},"query-input":{"@type":"PropertyValueSpecification","valueRequired":true,"valueName":"search_term_string"}}],"inLanguage":"fr-FR"},{"@type":["Person","Organization"],"@id":"https:\/\/l2sacrifice.fr\/#\/schema\/person\/4ff20fbcfb77afded60cac13ff16dfa8","name":"darksimonus","image":{"@type":"ImageObject","inLanguage":"fr-FR","@id":"https:\/\/l2sacrifice.fr\/#\/schema\/person\/image\/","url":"https:\/\/l2sacrifice.fr\/wp-content\/uploads\/2020\/05\/Logo_mini.png","contentUrl":"https:\/\/l2sacrifice.fr\/wp-content\/uploads\/2020\/05\/Logo_mini.png","width":225,"height":225,"caption":"darksimonus"},"logo":{"@id":"https:\/\/l2sacrifice.fr\/#\/schema\/person\/image\/"}}]}},"_links":{"self":[{"href":"https:\/\/l2sacrifice.fr\/index.php?rest_route=\/wp\/v2\/pages\/1706","targetHints":{"allow":["GET"]}}],"collection":[{"href":"https:\/\/l2sacrifice.fr\/index.php?rest_route=\/wp\/v2\/pages"}],"about":[{"href":"https:\/\/l2sacrifice.fr\/index.php?rest_route=\/wp\/v2\/types\/page"}],"author":[{"embeddable":true,"href":"https:\/\/l2sacrifice.fr\/index.php?rest_route=\/wp\/v2\/users\/1"}],"replies":[{"embeddable":true,"href":"https:\/\/l2sacrifice.fr\/index.php?rest_route=%2Fwp%2Fv2%2Fcomments&post=1706"}],"version-history":[{"count":4,"href":"https:\/\/l2sacrifice.fr\/index.php?rest_route=\/wp\/v2\/pages\/1706\/revisions"}],"predecessor-version":[{"id":1727,"href":"https:\/\/l2sacrifice.fr\/index.php?rest_route=\/wp\/v2\/pages\/1706\/revisions\/1727"}],"wp:featuredmedia":[{"embeddable":true,"href":"https:\/\/l2sacrifice.fr\/index.php?rest_route=\/wp\/v2\/media\/1726"}],"wp:attachment":[{"href":"https:\/\/l2sacrifice.fr\/index.php?rest_route=%2Fwp%2Fv2%2Fmedia&parent=1706"}],"curies":[{"name":"wp","href":"https:\/\/api.w.org\/{rel}","templated":true}]}}