{"id":168,"date":"2020-05-02T10:59:16","date_gmt":"2020-05-02T08:59:16","guid":{"rendered":"https:\/\/l2sacrifice.fr\/?page_id=168"},"modified":"2020-05-07T14:53:38","modified_gmt":"2020-05-07T12:53:38","slug":"sciery","status":"publish","type":"page","link":"https:\/\/l2sacrifice.fr\/?page_id=168","title":{"rendered":"Sciery"},"content":{"rendered":"\n<p> Pour devenir le meilleur des \u00e9b\u00e9nistes vous devez faire la qu\u00eate de le Scierie:   <\/p>\n\n\n\n<center><figure><iframe loading=\"lazy\" src=\"https:\/\/www.youtube.com\/embed\/j37R9TDF1tY\" allowfullscreen=\"\" width=\"560\" height=\"315\"><\/iframe><\/figure><\/center>\n\n\n\n<p>Vous avez choisi , le m\u00e9tier du bois voici comment ce m\u00e9tier fonctionne <\/p>\n\n\n\n<p> Il se compose de votre Chef \u00e9b\u00e9niste et de votre scierie: <\/p>\n\n\n\n<figure class=\"wp-block-image\"><img decoding=\"async\" src=\"https:\/\/l2sacrifice.fr\/wp-content\/uploads\/2020\/05\/image-35.png\" alt=\"L\u2019attribut alt de cette image est vide, son nom de fichier est image-35.png.\"\/><\/figure>\n\n\n\n<p>Le m\u00e9tier du bois vous permettra de transformer vos morceaux de bois en planches gr\u00e2ce aux diff\u00e9rents bois r\u00e9colt\u00e9es dans la zone for\u00eat (pour vous y  rendre  utiliser le Sacrifice ou Job Gatekeeper qui se trouve au centre  de la  chambre des m\u00e9tier). <\/p>\n\n\n\n<div class=\"wp-block-image\"><figure class=\"aligncenter\"><img loading=\"lazy\" decoding=\"async\" width=\"291\" height=\"403\" src=\"https:\/\/l2sacrifice.fr\/wp-content\/uploads\/2020\/05\/Sciery_1.png\" alt=\"\" class=\"wp-image-611\"\/><\/figure><\/div>\n\n\n\n<p>Voici des exemples de coupe de planche de bois. Vous pouvez utiliser ces planches comme objet de craft pour obtenir des items  (Fl\u00e8ches, Scrolls, Codex, Armes&#8230;.)   ou certains \u00e9quipements:  <\/p>\n\n\n\n<div class=\"wp-block-image\"><figure class=\"aligncenter\"><img loading=\"lazy\" decoding=\"async\" width=\"291\" height=\"403\" src=\"https:\/\/l2sacrifice.fr\/wp-content\/uploads\/2020\/05\/Sciery_2.png\" alt=\"\" class=\"wp-image-618\"\/><\/figure><\/div>\n\n\n\n<p>Pour d\u00e9biter des planches vous devrez choisir une vitesse, plus vous  augmentez la vitesse de la scierie, plus vous pourrez obtenir une grandes quantit\u00e9s de planches d\u00e9coup\u00e9es cependant plus la vitesse est  \u00e9lev\u00e9e plus il y a des  risques de rater sa d\u00e9coupe.  <\/p>\n\n\n\n<p><\/p>\n\n\n\n<div class=\"wp-block-image\"><figure class=\"aligncenter\"><img loading=\"lazy\" decoding=\"async\" width=\"291\" height=\"403\" src=\"https:\/\/l2sacrifice.fr\/wp-content\/uploads\/2020\/05\/Sciery_3.png\" alt=\"\" class=\"wp-image-619\"\/><\/figure><\/div>\n\n\n\n<p>Votre Chef \u00e9b\u00e9niste Joseph vous proposera de convertir vos planches en certains \u00e9quipements (Fl\u00e8ches, Scrolls, Codex, Armes&#8230;.) ou obtenir une \u00e9valuation de votre   \u00e9quipement en grade   <\/p>\n\n\n\n<div class=\"wp-block-image\"><figure class=\"aligncenter\"><img loading=\"lazy\" decoding=\"async\" width=\"291\" height=\"544\" src=\"https:\/\/l2sacrifice.fr\/wp-content\/uploads\/2020\/05\/Sciery_4.png\" alt=\"\" class=\"wp-image-620\"\/><\/figure><\/div>\n\n\n\n<p>Attention vous devez combiner plusieurs objets de diff\u00e9rents m\u00e9tiers   pour pouvoir faire \u00e9voluer vos \u00e9quipements (il faudra donc avoir   plusieurs personnages avec des m\u00e9tiers diff\u00e9rents, ou vous organisez   dans votre clan)  <\/p>\n\n\n\n<p>Voici un exemple de farm et de craft du m\u00e9tier du bois: <\/p>\n\n\n\n<figure><iframe loading=\"lazy\" src=\"https:\/\/www.youtube.com\/embed\/S0CzGGUxH54\" allowfullscreen=\"\" width=\"560\" height=\"315\"><\/iframe><\/figure>\n","protected":false},"excerpt":{"rendered":"<p>Pour devenir le meilleur des \u00e9b\u00e9nistes vous devez faire la qu\u00eate de le Scierie: Vous avez choisi , le m\u00e9tier du bois voici comment ce m\u00e9tier fonctionne Il se compose de votre Chef \u00e9b\u00e9niste et de votre scierie: Le m\u00e9tier du bois vous permettra de transformer vos morceaux de bois en planches gr\u00e2ce aux diff\u00e9rents &hellip; <\/p>\n<p class=\"link-more\"><a href=\"https:\/\/l2sacrifice.fr\/?page_id=168\" class=\"more-link\">Continuer la lecture<span class=\"screen-reader-text\"> de &laquo;&nbsp;Sciery&nbsp;&raquo;<\/span><\/a><\/p>\n","protected":false},"author":1,"featured_media":665,"parent":0,"menu_order":0,"comment_status":"closed","ping_status":"closed","template":"","meta":{"footnotes":""},"class_list":["post-168","page","type-page","status-publish","has-post-thumbnail","hentry"],"yoast_head":"<!-- This site is optimized with the Yoast SEO plugin v27.0 - https:\/\/yoast.com\/product\/yoast-seo-wordpress\/ -->\n<title>Sciery - L2Sacrifice<\/title>\n<meta name=\"robots\" content=\"index, follow, max-snippet:-1, max-image-preview:large, max-video-preview:-1\" \/>\n<link rel=\"canonical\" href=\"https:\/\/l2sacrifice.fr\/?page_id=168\" \/>\n<meta property=\"og:locale\" content=\"fr_FR\" \/>\n<meta property=\"og:type\" content=\"article\" \/>\n<meta property=\"og:title\" content=\"Sciery - L2Sacrifice\" \/>\n<meta property=\"og:description\" content=\"Pour devenir le meilleur des \u00e9b\u00e9nistes vous devez faire la qu\u00eate de le Scierie: Vous avez choisi , le m\u00e9tier du bois voici comment ce m\u00e9tier fonctionne Il se compose de votre Chef \u00e9b\u00e9niste et de votre scierie: Le m\u00e9tier du bois vous permettra de transformer vos morceaux de bois en planches gr\u00e2ce aux diff\u00e9rents &hellip; Continuer la lecture de &laquo;&nbsp;Sciery&nbsp;&raquo;\" \/>\n<meta property=\"og:url\" content=\"https:\/\/l2sacrifice.fr\/?page_id=168\" \/>\n<meta property=\"og:site_name\" content=\"L2Sacrifice\" \/>\n<meta property=\"article:modified_time\" content=\"2020-05-07T12:53:38+00:00\" \/>\n<meta property=\"og:image\" content=\"https:\/\/l2sacrifice.fr\/wp-content\/uploads\/2020\/05\/Sciery_title.png\" \/>\n\t<meta property=\"og:image:width\" content=\"1010\" \/>\n\t<meta property=\"og:image:height\" content=\"510\" \/>\n\t<meta property=\"og:image:type\" content=\"image\/png\" \/>\n<meta name=\"twitter:card\" content=\"summary_large_image\" \/>\n<meta name=\"twitter:label1\" content=\"Dur\u00e9e de lecture estim\u00e9e\" \/>\n\t<meta name=\"twitter:data1\" content=\"1 minute\" \/>\n<script type=\"application\/ld+json\" class=\"yoast-schema-graph\">{\"@context\":\"https:\/\/schema.org\",\"@graph\":[{\"@type\":\"WebPage\",\"@id\":\"https:\/\/l2sacrifice.fr\/?page_id=168\",\"url\":\"https:\/\/l2sacrifice.fr\/?page_id=168\",\"name\":\"Sciery - L2Sacrifice\",\"isPartOf\":{\"@id\":\"https:\/\/l2sacrifice.fr\/#website\"},\"primaryImageOfPage\":{\"@id\":\"https:\/\/l2sacrifice.fr\/?page_id=168#primaryimage\"},\"image\":{\"@id\":\"https:\/\/l2sacrifice.fr\/?page_id=168#primaryimage\"},\"thumbnailUrl\":\"https:\/\/l2sacrifice.fr\/wp-content\/uploads\/2020\/05\/Sciery_title.png\",\"datePublished\":\"2020-05-02T08:59:16+00:00\",\"dateModified\":\"2020-05-07T12:53:38+00:00\",\"breadcrumb\":{\"@id\":\"https:\/\/l2sacrifice.fr\/?page_id=168#breadcrumb\"},\"inLanguage\":\"fr-FR\",\"potentialAction\":[{\"@type\":\"ReadAction\",\"target\":[\"https:\/\/l2sacrifice.fr\/?page_id=168\"]}]},{\"@type\":\"ImageObject\",\"inLanguage\":\"fr-FR\",\"@id\":\"https:\/\/l2sacrifice.fr\/?page_id=168#primaryimage\",\"url\":\"https:\/\/l2sacrifice.fr\/wp-content\/uploads\/2020\/05\/Sciery_title.png\",\"contentUrl\":\"https:\/\/l2sacrifice.fr\/wp-content\/uploads\/2020\/05\/Sciery_title.png\",\"width\":1010,\"height\":510},{\"@type\":\"BreadcrumbList\",\"@id\":\"https:\/\/l2sacrifice.fr\/?page_id=168#breadcrumb\",\"itemListElement\":[{\"@type\":\"ListItem\",\"position\":1,\"name\":\"Home\",\"item\":\"https:\/\/l2sacrifice.fr\/\"},{\"@type\":\"ListItem\",\"position\":2,\"name\":\"Sciery\"}]},{\"@type\":\"WebSite\",\"@id\":\"https:\/\/l2sacrifice.fr\/#website\",\"url\":\"https:\/\/l2sacrifice.fr\/\",\"name\":\"L2Sacrifice\",\"description\":\"Lineage 2 Sacrifice pour la vie\",\"publisher\":{\"@id\":\"https:\/\/l2sacrifice.fr\/#\/schema\/person\/4ff20fbcfb77afded60cac13ff16dfa8\"},\"potentialAction\":[{\"@type\":\"SearchAction\",\"target\":{\"@type\":\"EntryPoint\",\"urlTemplate\":\"https:\/\/l2sacrifice.fr\/?s={search_term_string}\"},\"query-input\":{\"@type\":\"PropertyValueSpecification\",\"valueRequired\":true,\"valueName\":\"search_term_string\"}}],\"inLanguage\":\"fr-FR\"},{\"@type\":[\"Person\",\"Organization\"],\"@id\":\"https:\/\/l2sacrifice.fr\/#\/schema\/person\/4ff20fbcfb77afded60cac13ff16dfa8\",\"name\":\"darksimonus\",\"image\":{\"@type\":\"ImageObject\",\"inLanguage\":\"fr-FR\",\"@id\":\"https:\/\/l2sacrifice.fr\/#\/schema\/person\/image\/\",\"url\":\"https:\/\/l2sacrifice.fr\/wp-content\/uploads\/2020\/05\/Logo_mini.png\",\"contentUrl\":\"https:\/\/l2sacrifice.fr\/wp-content\/uploads\/2020\/05\/Logo_mini.png\",\"width\":225,\"height\":225,\"caption\":\"darksimonus\"},\"logo\":{\"@id\":\"https:\/\/l2sacrifice.fr\/#\/schema\/person\/image\/\"}}]}<\/script>\n<!-- \/ Yoast SEO plugin. -->","yoast_head_json":{"title":"Sciery - L2Sacrifice","robots":{"index":"index","follow":"follow","max-snippet":"max-snippet:-1","max-image-preview":"max-image-preview:large","max-video-preview":"max-video-preview:-1"},"canonical":"https:\/\/l2sacrifice.fr\/?page_id=168","og_locale":"fr_FR","og_type":"article","og_title":"Sciery - L2Sacrifice","og_description":"Pour devenir le meilleur des \u00e9b\u00e9nistes vous devez faire la qu\u00eate de le Scierie: Vous avez choisi , le m\u00e9tier du bois voici comment ce m\u00e9tier fonctionne Il se compose de votre Chef \u00e9b\u00e9niste et de votre scierie: Le m\u00e9tier du bois vous permettra de transformer vos morceaux de bois en planches gr\u00e2ce aux diff\u00e9rents &hellip; Continuer la lecture de &laquo;&nbsp;Sciery&nbsp;&raquo;","og_url":"https:\/\/l2sacrifice.fr\/?page_id=168","og_site_name":"L2Sacrifice","article_modified_time":"2020-05-07T12:53:38+00:00","og_image":[{"width":1010,"height":510,"url":"https:\/\/l2sacrifice.fr\/wp-content\/uploads\/2020\/05\/Sciery_title.png","type":"image\/png"}],"twitter_card":"summary_large_image","twitter_misc":{"Dur\u00e9e de lecture estim\u00e9e":"1 minute"},"schema":{"@context":"https:\/\/schema.org","@graph":[{"@type":"WebPage","@id":"https:\/\/l2sacrifice.fr\/?page_id=168","url":"https:\/\/l2sacrifice.fr\/?page_id=168","name":"Sciery - L2Sacrifice","isPartOf":{"@id":"https:\/\/l2sacrifice.fr\/#website"},"primaryImageOfPage":{"@id":"https:\/\/l2sacrifice.fr\/?page_id=168#primaryimage"},"image":{"@id":"https:\/\/l2sacrifice.fr\/?page_id=168#primaryimage"},"thumbnailUrl":"https:\/\/l2sacrifice.fr\/wp-content\/uploads\/2020\/05\/Sciery_title.png","datePublished":"2020-05-02T08:59:16+00:00","dateModified":"2020-05-07T12:53:38+00:00","breadcrumb":{"@id":"https:\/\/l2sacrifice.fr\/?page_id=168#breadcrumb"},"inLanguage":"fr-FR","potentialAction":[{"@type":"ReadAction","target":["https:\/\/l2sacrifice.fr\/?page_id=168"]}]},{"@type":"ImageObject","inLanguage":"fr-FR","@id":"https:\/\/l2sacrifice.fr\/?page_id=168#primaryimage","url":"https:\/\/l2sacrifice.fr\/wp-content\/uploads\/2020\/05\/Sciery_title.png","contentUrl":"https:\/\/l2sacrifice.fr\/wp-content\/uploads\/2020\/05\/Sciery_title.png","width":1010,"height":510},{"@type":"BreadcrumbList","@id":"https:\/\/l2sacrifice.fr\/?page_id=168#breadcrumb","itemListElement":[{"@type":"ListItem","position":1,"name":"Home","item":"https:\/\/l2sacrifice.fr\/"},{"@type":"ListItem","position":2,"name":"Sciery"}]},{"@type":"WebSite","@id":"https:\/\/l2sacrifice.fr\/#website","url":"https:\/\/l2sacrifice.fr\/","name":"L2Sacrifice","description":"Lineage 2 Sacrifice pour la vie","publisher":{"@id":"https:\/\/l2sacrifice.fr\/#\/schema\/person\/4ff20fbcfb77afded60cac13ff16dfa8"},"potentialAction":[{"@type":"SearchAction","target":{"@type":"EntryPoint","urlTemplate":"https:\/\/l2sacrifice.fr\/?s={search_term_string}"},"query-input":{"@type":"PropertyValueSpecification","valueRequired":true,"valueName":"search_term_string"}}],"inLanguage":"fr-FR"},{"@type":["Person","Organization"],"@id":"https:\/\/l2sacrifice.fr\/#\/schema\/person\/4ff20fbcfb77afded60cac13ff16dfa8","name":"darksimonus","image":{"@type":"ImageObject","inLanguage":"fr-FR","@id":"https:\/\/l2sacrifice.fr\/#\/schema\/person\/image\/","url":"https:\/\/l2sacrifice.fr\/wp-content\/uploads\/2020\/05\/Logo_mini.png","contentUrl":"https:\/\/l2sacrifice.fr\/wp-content\/uploads\/2020\/05\/Logo_mini.png","width":225,"height":225,"caption":"darksimonus"},"logo":{"@id":"https:\/\/l2sacrifice.fr\/#\/schema\/person\/image\/"}}]}},"_links":{"self":[{"href":"https:\/\/l2sacrifice.fr\/index.php?rest_route=\/wp\/v2\/pages\/168","targetHints":{"allow":["GET"]}}],"collection":[{"href":"https:\/\/l2sacrifice.fr\/index.php?rest_route=\/wp\/v2\/pages"}],"about":[{"href":"https:\/\/l2sacrifice.fr\/index.php?rest_route=\/wp\/v2\/types\/page"}],"author":[{"embeddable":true,"href":"https:\/\/l2sacrifice.fr\/index.php?rest_route=\/wp\/v2\/users\/1"}],"replies":[{"embeddable":true,"href":"https:\/\/l2sacrifice.fr\/index.php?rest_route=%2Fwp%2Fv2%2Fcomments&post=168"}],"version-history":[{"count":14,"href":"https:\/\/l2sacrifice.fr\/index.php?rest_route=\/wp\/v2\/pages\/168\/revisions"}],"predecessor-version":[{"id":637,"href":"https:\/\/l2sacrifice.fr\/index.php?rest_route=\/wp\/v2\/pages\/168\/revisions\/637"}],"wp:featuredmedia":[{"embeddable":true,"href":"https:\/\/l2sacrifice.fr\/index.php?rest_route=\/wp\/v2\/media\/665"}],"wp:attachment":[{"href":"https:\/\/l2sacrifice.fr\/index.php?rest_route=%2Fwp%2Fv2%2Fmedia&parent=168"}],"curies":[{"name":"wp","href":"https:\/\/api.w.org\/{rel}","templated":true}]}}