{"id":1600,"date":"2020-06-03T09:17:52","date_gmt":"2020-06-03T07:17:52","guid":{"rendered":"https:\/\/l2sacrifice.fr\/?page_id=1600"},"modified":"2020-06-03T16:24:43","modified_gmt":"2020-06-03T14:24:43","slug":"sub-class","status":"publish","type":"page","link":"https:\/\/l2sacrifice.fr\/?page_id=1600","title":{"rendered":"Sub-Class"},"content":{"rendered":"\n<center><iframe loading=\"lazy\" width=\"560\" height=\"315\" src=\"https:\/\/www.youtube.com\/embed\/k31TzptyntA\" frameborder=\"0\" allow=\"accelerometer; autoplay; encrypted-media; gyroscope; picture-in-picture\" allowfullscreen><\/iframe><\/center>\n\n\n\n<center><iframe loading=\"lazy\" width=\"560\" height=\"315\" src=\"https:\/\/www.youtube.com\/embed\/RznOjcRCg2I\" frameborder=\"0\" allow=\"accelerometer; autoplay; encrypted-media; gyroscope; picture-in-picture\" allowfullscreen><\/iframe><\/center>\n\n\n\n<center><iframe loading=\"lazy\" width=\"560\" height=\"315\" src=\"https:\/\/www.youtube.com\/embed\/ye__XQ56UYM\" frameborder=\"0\" allow=\"accelerometer; autoplay; encrypted-media; gyroscope; picture-in-picture\" allowfullscreen><\/iframe><\/center>\n\n\n\n<h2 class=\"wp-block-heading\"><strong>Guide et informations sur les comp\u00e9tences  de certification des sous-classes :<\/strong><\/h2>\n\n\n\n<p>Vous pouvez acqu\u00e9rir de nouvelles comp\u00e9tences dans votre classe principale en fonction des sub-classes dont vous disposez.<\/p>\n\n\n\n<p>Les certifications de sous-classe n\u00e9cessaires \u00e0 l&rsquo;apprentissage de ces comp\u00e9tences peuvent \u00eatre obtenues aupr\u00e8s d&rsquo;un des PNJ de l&rsquo;Avant-Garde au 2e \u00e9tage (\u00e9tage humain) de la Tour d&rsquo;Ivoire.<\/p>\n\n\n\n<p>Afin de pouvoir acqu\u00e9rir des certifications, vous devez d&rsquo;abord compl\u00e9ter la qu\u00eate More Than Meets The Eye qui peut \u00eatre obtenue aupr\u00e8s de Hardin \u00e0 l&rsquo;Acad\u00e9mie priv\u00e9e de Hardin.<\/p>\n\n\n\n<p>Il y a un maximum de 4 comp\u00e9tences disponibles par sous-classe, ce qui signifie que vous pouvez avoir un total de 12 comp\u00e9tences de sous-classe une fois que vous avez atteint le niveau 80 dans vos 3 sous-classes. Les diff\u00e9rentes certifications peuvent \u00eatre acquises une fois que vous avez atteint ces niveaux dans vos sous-classes :<\/p>\n\n\n\n<ul class=\"wp-block-list\"><li>65 level on your subclass &#8211; an Emergent skill certificate<\/li><li>70 level on your subclass &#8211; another Emergent skill certificate<\/li><li>75 level on your subclass &#8211; you have a choice between a Class-Specific or a Master skill certificate<\/li><li>80 level on your subclass &#8211; a Divine Transformation certificate<\/li><\/ul>\n\n\n\n<p>La suppression d&rsquo;une sous-classe pour en cr\u00e9er une nouvelle n&rsquo;effacera pas les comp\u00e9tences de la sous-classe que vous avez d\u00e9j\u00e0 acquises, mais vous ne pourrez pas acqu\u00e9rir de comp\u00e9tences suppl\u00e9mentaires dans votre nouvelle sous-classe pour les niveaux pour lesquels vous avez d\u00e9j\u00e0 obtenu des certificats. Par exemple, vous avez appris deux comp\u00e9tences \u00e9mergentes des niveaux 65 et 70 de votre sous-classe respectivement, puis vous relancez une nouvelle sous-classe, mais vous ne pouvez pas acqu\u00e9rir de certificats pour les niveaux 65 et 70 de la nouvelle sous-classe \u00e0 moins d&rsquo;effacer vos comp\u00e9tences pr\u00e9c\u00e9dentes.<\/p>\n\n\n\n<p>Les certificats de votre inventaire que vous n&rsquo;avez pas encore utilis\u00e9s sont \u00e9galement supprim\u00e9s lorsque vous payez 10 millions d&rsquo; adena pour effacer vos comp\u00e9tences de sous-classe. Cat\u00e9gories de sous-classe<\/p>\n\n\n\n<p>Les sous-classes sont class\u00e9es de mani\u00e8re g\u00e9n\u00e9rale en guerriers, voleurs, chevaliers, invocateurs, sorciers, gu\u00e9risseurs et enchanteurs. Les comp\u00e9tences de sous-classe sp\u00e9cifiques \u00e0 la classe et de transformation divine dont vous pouvez b\u00e9n\u00e9ficier gr\u00e2ce \u00e0 la certification d\u00e9pendent des cat\u00e9gories de vos sous-classes, comme suit :<\/p>\n\n\n\n<ul class=\"wp-block-list\"><li><strong>Warrior:<\/strong> Warlord, Gladiator, Destroyer, Tyrant, Bounty Hunter, Warsmith, Berserker, Soul Breaker (Male), Soul Breaker (Female)<\/li><li><strong>Knight: <\/strong>Paladin, Dark Avenger, Temple Knight, Shillien Knight<\/li><li><strong>Summoner:<\/strong> Warlock, Elemental Summoner, Phantom Summoner <\/li><li><strong>Wizard: <\/strong>Sorcerer, Necromancer, Spellsinger, Spellhowler<\/li><li><strong>Healer:<\/strong> Bishop, Elven Elder, Shillien Elder  <\/li><li><strong>Enchanter:<\/strong> Prophet, Swordsinger, Bladedancer, Warcryer, Inspector (Male), Inspector (Female)<\/li><\/ul>\n\n\n\n<h2 class=\"wp-block-heading\"><strong>Liste des comp\u00e9tences et effets :<\/strong><\/h2>\n\n\n\n<p>Ce qui suit est une liste compl\u00e8te des comp\u00e9tences disponibles, avec les effets exacts et les bonus (certains non confirm\u00e9s). Aptitudes \u00e9mergentes<\/p>\n\n\n\n<p>Ces comp\u00e9tences sont disponibles quelle que soit la cat\u00e9gorie \u00e0 laquelle appartient votre sousclasse.<\/p>\n\n\n\n<div class=\"wp-block-image\"><figure class=\"aligncenter size-large\"><img loading=\"lazy\" decoding=\"async\" width=\"519\" height=\"220\" src=\"https:\/\/l2sacrifice.fr\/wp-content\/uploads\/2020\/06\/image.png\" alt=\"\" class=\"wp-image-1601\"\/><\/figure><\/div>\n\n\n\n<p>Ces comp\u00e9tences peuvent \u00eatre cumul\u00e9es, avec un maximum de niveau 6 si vous avez choisi d&rsquo;apprendre la m\u00eame comp\u00e9tence \u00e0 partir de 65 et 70 certificats pour chacune de vos 3 sous-classes. Par exemple, vous obtenez 6 certificats d&rsquo;aptitude \u00e9mergente de tous vos sous-classes et vous les utilisez tous pour apprendre la comp\u00e9tence de d\u00e9fense physique. Au final, vous obtenez la Lv6 de la comp\u00e9tence D\u00e9fense physique.<\/p>\n\n\n\n<h2 class=\"wp-block-heading\"><strong>Comp\u00e9tences d&rsquo;Aptitude de Ma\u00eetre <\/strong><\/h2>\n\n\n\n<p>Ces comp\u00e9tences sont disponibles quelle que soit la cat\u00e9gorie \u00e0 laquelle appartient votre sousclasse.<\/p>\n\n\n\n<p>Contrairement aux comp\u00e9tences de Capacit\u00e9 \u00e9mergente, seules les comp\u00e9tences de D\u00e9fense et de D\u00e9fense magique du Ma\u00eetre peuvent \u00eatre apprises\/empil\u00e9es au-dessus de la Lv1 (jusqu&rsquo;\u00e0 la Lv3). Comp\u00e9tences sp\u00e9cifiques \u00e0 une classe<\/p>\n\n\n\n<p>Gardez \u00e0 l&rsquo;esprit que les comp\u00e9tences sp\u00e9cifiques \u00e0 une classe ne peuvent pas \u00eatre cumul\u00e9es, par exemple vous ne pouvez pas apprendre deux fois le CP Boost ou toute autre comp\u00e9tence.<\/p>\n\n\n\n<p><strong>Warrior Class (Gladiator, Warlord, Bounty Hunter, Tyrant, Destroyer, Soul Breaker, Berserker)<\/strong><\/p>\n\n\n\n<div class=\"wp-block-image\"><figure class=\"aligncenter size-large is-resized\"><img loading=\"lazy\" decoding=\"async\" src=\"https:\/\/l2sacrifice.fr\/wp-content\/uploads\/2020\/06\/image-1.png\" alt=\"\" class=\"wp-image-1602\" width=\"605\" height=\"144\"\/><\/figure><\/div>\n\n\n\n<p><strong>Rogue Class (Hawkeye, Silver Ranger, Phantom Ranger, Treasure Hunter, Plainswalker, Abyss Walker, Arbalester)<\/strong><\/p>\n\n\n\n<div class=\"wp-block-image\"><figure class=\"aligncenter size-large is-resized\"><img loading=\"lazy\" decoding=\"async\" src=\"https:\/\/l2sacrifice.fr\/wp-content\/uploads\/2020\/06\/image-2.png\" alt=\"\" class=\"wp-image-1603\" width=\"618\" height=\"150\"\/><\/figure><\/div>\n\n\n\n<p><strong>Knight Class (Paladin, Dark Avenger, Temple Knight, Shillien Knight)<\/strong><\/p>\n\n\n\n<div class=\"wp-block-image\"><figure class=\"aligncenter size-large\"><img loading=\"lazy\" decoding=\"async\" width=\"632\" height=\"159\" src=\"https:\/\/l2sacrifice.fr\/wp-content\/uploads\/2020\/06\/image-3.png\" alt=\"\" class=\"wp-image-1604\"\/><\/figure><\/div>\n\n\n\n<p><strong>Summoner Class (Warlock, Elemental Summoner, Phantom Summoner)<\/strong><\/p>\n\n\n\n<div class=\"wp-block-image\"><figure class=\"aligncenter size-large is-resized\"><img loading=\"lazy\" decoding=\"async\" src=\"https:\/\/l2sacrifice.fr\/wp-content\/uploads\/2020\/06\/image-4.png\" alt=\"\" class=\"wp-image-1606\" width=\"620\" height=\"148\"\/><\/figure><\/div>\n\n\n\n<p><strong>Wizard Class (Sorcerer, Spellsinger, Spellhowler, Necromancer)<\/strong><\/p>\n\n\n\n<div class=\"wp-block-image\"><figure class=\"aligncenter size-large\"><img loading=\"lazy\" decoding=\"async\" width=\"630\" height=\"137\" src=\"https:\/\/l2sacrifice.fr\/wp-content\/uploads\/2020\/06\/image-5.png\" alt=\"\" class=\"wp-image-1607\"\/><\/figure><\/div>\n\n\n\n<p><strong>Healer Class (Shillien Elder, Elven Elder, Bishop)<\/strong><\/p>\n\n\n\n<div class=\"wp-block-image\"><figure class=\"aligncenter size-large\"><img loading=\"lazy\" decoding=\"async\" width=\"611\" height=\"189\" src=\"https:\/\/l2sacrifice.fr\/wp-content\/uploads\/2020\/06\/image-6.png\" alt=\"\" class=\"wp-image-1608\"\/><\/figure><\/div>\n\n\n\n<p><strong>Enchanter Class (Prophet, Warcryer, Inspector, Swordsinger, Bladedancer)<\/strong><\/p>\n\n\n\n<div class=\"wp-block-image\"><figure class=\"aligncenter size-large is-resized\"><img loading=\"lazy\" decoding=\"async\" src=\"https:\/\/l2sacrifice.fr\/wp-content\/uploads\/2020\/06\/image-7.png\" alt=\"\" class=\"wp-image-1609\" width=\"615\" height=\"166\"\/><\/figure><\/div>\n\n\n\n<h2 class=\"wp-block-heading\"><strong>Divine Transformation Ability skills<\/strong><\/h2>\n\n\n\n<p>Vous recevez un livre de sceau de la transformation au lieu d&rsquo;un certificat pour ces comp\u00e9tences. Vous pouvez les apprendre via le menu de transformation sur le PNJ Avant-Guard<\/p>\n\n\n\n<p>Les transformations divines, bien que plus sophistiqu\u00e9es, suivent les r\u00e8gles des transformations r\u00e9guli\u00e8res. Cela signifie que vous ne pouvez pas utiliser les comp\u00e9tences de votre classe ordinaire, que les comp\u00e9tences de votre sous-classe restent actives, que vos statistiques sont d\u00e9termin\u00e9es par votre \u00e9quipement et le type de classe de la transformation divine utilis\u00e9e. Temps de r\u00e9utilisation, comp\u00e9tence de sacrifice et niveau de transformation<\/p>\n\n\n\n<p>Chaque transformation divine dure 30 minutes et a un temps de rechargement\/r\u00e9utilisation de 3 heures.<\/p>\n\n\n\n<p>Chaque transformation divine a sa propre comp\u00e9tence de sacrifice. Toutes les comp\u00e9tences de sacrifice ram\u00e8nent vos HP et MP \u00e0 z\u00e9ro pendant un certain temps durant lequel vous ne pouvez pas \u00eatre soign\u00e9 par des comp\u00e9tences ou des potions. Les conditions d&rsquo;utilisation de la comp\u00e9tence de sacrifice d\u00e9pendent du type de votre sous-classe : Sous-classes de type combattant &#8211; 30 % ou moins de HP ; Sous-classes de type mystique &#8211; 10 % ou moins de MP.<\/p>\n\n\n\n<p>Chaque transformation peut \u00eatre apprise jusqu&rsquo;au niveau 3 si vous avez plus d&rsquo;une sous-classe du m\u00eame type. Par exemple, si vous avez 2 sous-classes de type Guerrier et qu&rsquo;elles ont atteint le niveau 80, vous pouvez apprendre la Transformation Divine du Guerrier niveau 2. Si vous en avez 3, la transformation apprise sera le niveau 3.<\/p>\n\n\n\n<p><em>Source: lineage.pmfun.com<\/em><\/p>\n","protected":false},"excerpt":{"rendered":"<p>Guide et informations sur les comp\u00e9tences de certification des sous-classes : Vous pouvez acqu\u00e9rir de nouvelles comp\u00e9tences dans votre classe principale en fonction des sub-classes dont vous disposez. Les certifications de sous-classe n\u00e9cessaires \u00e0 l&rsquo;apprentissage de ces comp\u00e9tences peuvent \u00eatre obtenues aupr\u00e8s d&rsquo;un des PNJ de l&rsquo;Avant-Garde au 2e \u00e9tage (\u00e9tage humain) de la Tour &hellip; <\/p>\n<p class=\"link-more\"><a href=\"https:\/\/l2sacrifice.fr\/?page_id=1600\" class=\"more-link\">Continuer la lecture<span class=\"screen-reader-text\"> de &laquo;&nbsp;Sub-Class&nbsp;&raquo;<\/span><\/a><\/p>\n","protected":false},"author":1,"featured_media":1611,"parent":0,"menu_order":0,"comment_status":"closed","ping_status":"closed","template":"","meta":{"footnotes":""},"class_list":["post-1600","page","type-page","status-publish","has-post-thumbnail","hentry"],"yoast_head":"<!-- This site is optimized with the Yoast SEO plugin v27.0 - https:\/\/yoast.com\/product\/yoast-seo-wordpress\/ -->\n<title>Sub-Class - L2Sacrifice<\/title>\n<meta name=\"robots\" content=\"index, follow, max-snippet:-1, max-image-preview:large, max-video-preview:-1\" \/>\n<link rel=\"canonical\" href=\"https:\/\/l2sacrifice.fr\/?page_id=1600\" \/>\n<meta property=\"og:locale\" content=\"fr_FR\" \/>\n<meta property=\"og:type\" content=\"article\" \/>\n<meta property=\"og:title\" content=\"Sub-Class - L2Sacrifice\" \/>\n<meta property=\"og:description\" content=\"Guide et informations sur les comp\u00e9tences de certification des sous-classes : Vous pouvez acqu\u00e9rir de nouvelles comp\u00e9tences dans votre classe principale en fonction des sub-classes dont vous disposez. Les certifications de sous-classe n\u00e9cessaires \u00e0 l&rsquo;apprentissage de ces comp\u00e9tences peuvent \u00eatre obtenues aupr\u00e8s d&rsquo;un des PNJ de l&rsquo;Avant-Garde au 2e \u00e9tage (\u00e9tage humain) de la Tour &hellip; Continuer la lecture de &laquo;&nbsp;Sub-Class&nbsp;&raquo;\" \/>\n<meta property=\"og:url\" content=\"https:\/\/l2sacrifice.fr\/?page_id=1600\" \/>\n<meta property=\"og:site_name\" content=\"L2Sacrifice\" \/>\n<meta property=\"article:modified_time\" content=\"2020-06-03T14:24:43+00:00\" \/>\n<meta property=\"og:image\" content=\"https:\/\/l2sacrifice.fr\/wp-content\/uploads\/2020\/06\/SubClass_title.png\" \/>\n\t<meta property=\"og:image:width\" content=\"1010\" \/>\n\t<meta property=\"og:image:height\" content=\"510\" \/>\n\t<meta property=\"og:image:type\" content=\"image\/png\" \/>\n<meta name=\"twitter:card\" content=\"summary_large_image\" \/>\n<meta name=\"twitter:label1\" content=\"Dur\u00e9e de lecture estim\u00e9e\" \/>\n\t<meta name=\"twitter:data1\" content=\"5 minutes\" \/>\n<script type=\"application\/ld+json\" class=\"yoast-schema-graph\">{\"@context\":\"https:\/\/schema.org\",\"@graph\":[{\"@type\":\"WebPage\",\"@id\":\"https:\/\/l2sacrifice.fr\/?page_id=1600\",\"url\":\"https:\/\/l2sacrifice.fr\/?page_id=1600\",\"name\":\"Sub-Class - L2Sacrifice\",\"isPartOf\":{\"@id\":\"https:\/\/l2sacrifice.fr\/#website\"},\"primaryImageOfPage\":{\"@id\":\"https:\/\/l2sacrifice.fr\/?page_id=1600#primaryimage\"},\"image\":{\"@id\":\"https:\/\/l2sacrifice.fr\/?page_id=1600#primaryimage\"},\"thumbnailUrl\":\"https:\/\/l2sacrifice.fr\/wp-content\/uploads\/2020\/06\/SubClass_title.png\",\"datePublished\":\"2020-06-03T07:17:52+00:00\",\"dateModified\":\"2020-06-03T14:24:43+00:00\",\"breadcrumb\":{\"@id\":\"https:\/\/l2sacrifice.fr\/?page_id=1600#breadcrumb\"},\"inLanguage\":\"fr-FR\",\"potentialAction\":[{\"@type\":\"ReadAction\",\"target\":[\"https:\/\/l2sacrifice.fr\/?page_id=1600\"]}]},{\"@type\":\"ImageObject\",\"inLanguage\":\"fr-FR\",\"@id\":\"https:\/\/l2sacrifice.fr\/?page_id=1600#primaryimage\",\"url\":\"https:\/\/l2sacrifice.fr\/wp-content\/uploads\/2020\/06\/SubClass_title.png\",\"contentUrl\":\"https:\/\/l2sacrifice.fr\/wp-content\/uploads\/2020\/06\/SubClass_title.png\",\"width\":1010,\"height\":510},{\"@type\":\"BreadcrumbList\",\"@id\":\"https:\/\/l2sacrifice.fr\/?page_id=1600#breadcrumb\",\"itemListElement\":[{\"@type\":\"ListItem\",\"position\":1,\"name\":\"Home\",\"item\":\"https:\/\/l2sacrifice.fr\/\"},{\"@type\":\"ListItem\",\"position\":2,\"name\":\"Sub-Class\"}]},{\"@type\":\"WebSite\",\"@id\":\"https:\/\/l2sacrifice.fr\/#website\",\"url\":\"https:\/\/l2sacrifice.fr\/\",\"name\":\"L2Sacrifice\",\"description\":\"Lineage 2 Sacrifice pour la vie\",\"publisher\":{\"@id\":\"https:\/\/l2sacrifice.fr\/#\/schema\/person\/4ff20fbcfb77afded60cac13ff16dfa8\"},\"potentialAction\":[{\"@type\":\"SearchAction\",\"target\":{\"@type\":\"EntryPoint\",\"urlTemplate\":\"https:\/\/l2sacrifice.fr\/?s={search_term_string}\"},\"query-input\":{\"@type\":\"PropertyValueSpecification\",\"valueRequired\":true,\"valueName\":\"search_term_string\"}}],\"inLanguage\":\"fr-FR\"},{\"@type\":[\"Person\",\"Organization\"],\"@id\":\"https:\/\/l2sacrifice.fr\/#\/schema\/person\/4ff20fbcfb77afded60cac13ff16dfa8\",\"name\":\"darksimonus\",\"image\":{\"@type\":\"ImageObject\",\"inLanguage\":\"fr-FR\",\"@id\":\"https:\/\/l2sacrifice.fr\/#\/schema\/person\/image\/\",\"url\":\"https:\/\/l2sacrifice.fr\/wp-content\/uploads\/2020\/05\/Logo_mini.png\",\"contentUrl\":\"https:\/\/l2sacrifice.fr\/wp-content\/uploads\/2020\/05\/Logo_mini.png\",\"width\":225,\"height\":225,\"caption\":\"darksimonus\"},\"logo\":{\"@id\":\"https:\/\/l2sacrifice.fr\/#\/schema\/person\/image\/\"}}]}<\/script>\n<!-- \/ Yoast SEO plugin. -->","yoast_head_json":{"title":"Sub-Class - L2Sacrifice","robots":{"index":"index","follow":"follow","max-snippet":"max-snippet:-1","max-image-preview":"max-image-preview:large","max-video-preview":"max-video-preview:-1"},"canonical":"https:\/\/l2sacrifice.fr\/?page_id=1600","og_locale":"fr_FR","og_type":"article","og_title":"Sub-Class - L2Sacrifice","og_description":"Guide et informations sur les comp\u00e9tences de certification des sous-classes : Vous pouvez acqu\u00e9rir de nouvelles comp\u00e9tences dans votre classe principale en fonction des sub-classes dont vous disposez. Les certifications de sous-classe n\u00e9cessaires \u00e0 l&rsquo;apprentissage de ces comp\u00e9tences peuvent \u00eatre obtenues aupr\u00e8s d&rsquo;un des PNJ de l&rsquo;Avant-Garde au 2e \u00e9tage (\u00e9tage humain) de la Tour &hellip; Continuer la lecture de &laquo;&nbsp;Sub-Class&nbsp;&raquo;","og_url":"https:\/\/l2sacrifice.fr\/?page_id=1600","og_site_name":"L2Sacrifice","article_modified_time":"2020-06-03T14:24:43+00:00","og_image":[{"width":1010,"height":510,"url":"https:\/\/l2sacrifice.fr\/wp-content\/uploads\/2020\/06\/SubClass_title.png","type":"image\/png"}],"twitter_card":"summary_large_image","twitter_misc":{"Dur\u00e9e de lecture estim\u00e9e":"5 minutes"},"schema":{"@context":"https:\/\/schema.org","@graph":[{"@type":"WebPage","@id":"https:\/\/l2sacrifice.fr\/?page_id=1600","url":"https:\/\/l2sacrifice.fr\/?page_id=1600","name":"Sub-Class - L2Sacrifice","isPartOf":{"@id":"https:\/\/l2sacrifice.fr\/#website"},"primaryImageOfPage":{"@id":"https:\/\/l2sacrifice.fr\/?page_id=1600#primaryimage"},"image":{"@id":"https:\/\/l2sacrifice.fr\/?page_id=1600#primaryimage"},"thumbnailUrl":"https:\/\/l2sacrifice.fr\/wp-content\/uploads\/2020\/06\/SubClass_title.png","datePublished":"2020-06-03T07:17:52+00:00","dateModified":"2020-06-03T14:24:43+00:00","breadcrumb":{"@id":"https:\/\/l2sacrifice.fr\/?page_id=1600#breadcrumb"},"inLanguage":"fr-FR","potentialAction":[{"@type":"ReadAction","target":["https:\/\/l2sacrifice.fr\/?page_id=1600"]}]},{"@type":"ImageObject","inLanguage":"fr-FR","@id":"https:\/\/l2sacrifice.fr\/?page_id=1600#primaryimage","url":"https:\/\/l2sacrifice.fr\/wp-content\/uploads\/2020\/06\/SubClass_title.png","contentUrl":"https:\/\/l2sacrifice.fr\/wp-content\/uploads\/2020\/06\/SubClass_title.png","width":1010,"height":510},{"@type":"BreadcrumbList","@id":"https:\/\/l2sacrifice.fr\/?page_id=1600#breadcrumb","itemListElement":[{"@type":"ListItem","position":1,"name":"Home","item":"https:\/\/l2sacrifice.fr\/"},{"@type":"ListItem","position":2,"name":"Sub-Class"}]},{"@type":"WebSite","@id":"https:\/\/l2sacrifice.fr\/#website","url":"https:\/\/l2sacrifice.fr\/","name":"L2Sacrifice","description":"Lineage 2 Sacrifice pour la vie","publisher":{"@id":"https:\/\/l2sacrifice.fr\/#\/schema\/person\/4ff20fbcfb77afded60cac13ff16dfa8"},"potentialAction":[{"@type":"SearchAction","target":{"@type":"EntryPoint","urlTemplate":"https:\/\/l2sacrifice.fr\/?s={search_term_string}"},"query-input":{"@type":"PropertyValueSpecification","valueRequired":true,"valueName":"search_term_string"}}],"inLanguage":"fr-FR"},{"@type":["Person","Organization"],"@id":"https:\/\/l2sacrifice.fr\/#\/schema\/person\/4ff20fbcfb77afded60cac13ff16dfa8","name":"darksimonus","image":{"@type":"ImageObject","inLanguage":"fr-FR","@id":"https:\/\/l2sacrifice.fr\/#\/schema\/person\/image\/","url":"https:\/\/l2sacrifice.fr\/wp-content\/uploads\/2020\/05\/Logo_mini.png","contentUrl":"https:\/\/l2sacrifice.fr\/wp-content\/uploads\/2020\/05\/Logo_mini.png","width":225,"height":225,"caption":"darksimonus"},"logo":{"@id":"https:\/\/l2sacrifice.fr\/#\/schema\/person\/image\/"}}]}},"_links":{"self":[{"href":"https:\/\/l2sacrifice.fr\/index.php?rest_route=\/wp\/v2\/pages\/1600","targetHints":{"allow":["GET"]}}],"collection":[{"href":"https:\/\/l2sacrifice.fr\/index.php?rest_route=\/wp\/v2\/pages"}],"about":[{"href":"https:\/\/l2sacrifice.fr\/index.php?rest_route=\/wp\/v2\/types\/page"}],"author":[{"embeddable":true,"href":"https:\/\/l2sacrifice.fr\/index.php?rest_route=\/wp\/v2\/users\/1"}],"replies":[{"embeddable":true,"href":"https:\/\/l2sacrifice.fr\/index.php?rest_route=%2Fwp%2Fv2%2Fcomments&post=1600"}],"version-history":[{"count":7,"href":"https:\/\/l2sacrifice.fr\/index.php?rest_route=\/wp\/v2\/pages\/1600\/revisions"}],"predecessor-version":[{"id":1618,"href":"https:\/\/l2sacrifice.fr\/index.php?rest_route=\/wp\/v2\/pages\/1600\/revisions\/1618"}],"wp:featuredmedia":[{"embeddable":true,"href":"https:\/\/l2sacrifice.fr\/index.php?rest_route=\/wp\/v2\/media\/1611"}],"wp:attachment":[{"href":"https:\/\/l2sacrifice.fr\/index.php?rest_route=%2Fwp%2Fv2%2Fmedia&parent=1600"}],"curies":[{"name":"wp","href":"https:\/\/api.w.org\/{rel}","templated":true}]}}